Last updated on 2022-06-26 06:50:44 CEST.
Flavor | Version | Tinstall | Tcheck | Ttotal | Status | Flags |
---|---|---|---|---|---|---|
r-devel-linux-x86_64-debian-clang | 2.0.1 | 3.65 | 47.78 | 51.43 | OK | |
r-devel-linux-x86_64-debian-gcc | 2.0.1 | 1.94 | 36.08 | 38.02 | OK | |
r-devel-linux-x86_64-fedora-clang | 2.0.1 | 75.96 | WARN | |||
r-devel-linux-x86_64-fedora-gcc | 2.0.1 | 71.07 | WARN | |||
r-devel-windows-x86_64 | 2.0.1 | 21.00 | 83.00 | 104.00 | OK | |
r-patched-linux-x86_64 | 2.0.1 | 3.26 | 44.92 | 48.18 | OK | |
r-release-linux-x86_64 | 2.0.1 | 3.52 | 45.70 | 49.22 | OK | |
r-release-macos-arm64 | 2.0.1 | 28.00 | OK | |||
r-release-macos-x86_64 | 2.0.1 | 35.00 | OK | |||
r-release-windows-x86_64 | 2.0.1 | 19.00 | 81.00 | 100.00 | OK | |
r-oldrel-macos-arm64 | 2.0.1 | 31.00 | OK | |||
r-oldrel-macos-x86_64 | 2.0.1 | 42.00 | OK | |||
r-oldrel-windows-ix86+x86_64 | 2.0.1 | 8.00 | 72.00 | 80.00 | OK |
Version: 2.0.1
Check: package dependencies
Result: WARN
Requires (indirectly) orphaned package: ‘gtools’
Flavors: r-devel-linux-x86_64-fedora-clang, r-devel-linux-x86_64-fedora-gcc
Version: 2.0.1
Check: Rd cross-references
Result: NOTE
Undeclared package ‘scape’ in Rd xrefs
Flavor: r-devel-linux-x86_64-fedora-clang