CRAN Package Check Results for Package plotluck

Last updated on 2023-09-24 07:55:17 CEST.

Flavor Version Tinstall Tcheck Ttotal Status Flags
r-devel-linux-x86_64-debian-clang 1.1.1 9.12 185.46 194.58 NOTE
r-devel-linux-x86_64-debian-gcc 1.1.1 7.39 137.57 144.96 NOTE
r-devel-linux-x86_64-fedora-clang 1.1.1 233.83 NOTE
r-devel-linux-x86_64-fedora-gcc 1.1.1 249.27 NOTE
r-devel-windows-x86_64 1.1.1 9.00 158.00 167.00 NOTE
r-patched-linux-x86_64 1.1.1 8.91 175.80 184.71 NOTE
r-release-linux-x86_64 1.1.1 5.43 176.66 182.09 NOTE
r-release-macos-arm64 1.1.1 81.00 NOTE
r-release-macos-x86_64 1.1.1 128.00 NOTE
r-release-windows-x86_64 1.1.1 11.00 186.00 197.00 NOTE
r-oldrel-macos-arm64 1.1.1 67.00 NOTE
r-oldrel-macos-x86_64 1.1.1 116.00 NOTE
r-oldrel-windows-x86_64 1.1.1 12.00 200.00 212.00 NOTE

Check Details

Version: 1.1.1
Check: LazyData
Result: NOTE
     'LazyData' is specified without a 'data' directory
Flavors: r-devel-linux-x86_64-debian-clang, r-devel-linux-x86_64-debian-gcc, r-devel-linux-x86_64-fedora-clang, r-devel-linux-x86_64-fedora-gcc, r-devel-windows-x86_64, r-patched-linux-x86_64, r-release-linux-x86_64, r-release-macos-arm64, r-release-macos-x86_64, r-release-windows-x86_64, r-oldrel-macos-arm64, r-oldrel-macos-x86_64, r-oldrel-windows-x86_64

Version: 1.1.1
Check: dependencies in R code
Result: NOTE
    Namespaces in Imports field not imported from:
     ‘hexbin’ ‘quantreg’
     All declared Imports should be used.
Flavors: r-devel-linux-x86_64-fedora-clang, r-devel-linux-x86_64-fedora-gcc, r-oldrel-macos-arm64, r-oldrel-macos-x86_64