Last updated on 2021-01-16 06:51:18 CET.
Flavor | Version | Tinstall | Tcheck | Ttotal | Status | Flags |
---|---|---|---|---|---|---|
r-devel-linux-x86_64-debian-clang | 0.1.0 | 2.37 | 54.01 | 56.38 | OK | |
r-devel-linux-x86_64-debian-gcc | 0.1.0 | 2.07 | 39.66 | 41.73 | OK | |
r-devel-linux-x86_64-fedora-clang | 0.1.0 | 74.60 | NOTE | |||
r-devel-linux-x86_64-fedora-gcc | 0.1.0 | 64.51 | NOTE | |||
r-devel-windows-ix86+x86_64 | 0.1.0 | 5.00 | 66.00 | 71.00 | OK | |
r-patched-linux-x86_64 | 0.1.0 | 2.72 | 49.60 | 52.32 | OK | |
r-patched-solaris-x86 | 0.1.0 | 98.50 | NOTE | |||
r-release-linux-x86_64 | 0.1.0 | 2.80 | 51.85 | 54.65 | OK | |
r-release-macos-x86_64 | 0.1.0 | NOTE | ||||
r-release-windows-ix86+x86_64 | 0.1.0 | 6.00 | 61.00 | 67.00 | OK | |
r-oldrel-macos-x86_64 | 0.1.0 | NOTE | ||||
r-oldrel-windows-ix86+x86_64 | 0.1.0 | 4.00 | 57.00 | 61.00 | OK |
Version: 0.1.0
Check: dependencies in R code
Result: NOTE
Namespaces in Imports field not imported from:
‘dplyr’ ‘patchwork’
All declared Imports should be used.
Flavors: r-devel-linux-x86_64-fedora-clang, r-devel-linux-x86_64-fedora-gcc, r-patched-solaris-x86, r-release-macos-x86_64, r-oldrel-macos-x86_64