CRAN Package Check Results for Package plotprotein

Last updated on 2024-04-19 07:56:50 CEST.

Flavor Version Tinstall Tcheck Ttotal Status Flags
r-devel-linux-x86_64-debian-clang 1.0 5.56 45.07 50.63 NOTE
r-devel-linux-x86_64-debian-gcc 1.0 NOTE
r-devel-linux-x86_64-fedora-clang 1.0 62.35 NOTE
r-devel-linux-x86_64-fedora-gcc 1.0 58.65 NOTE
r-prerel-macos-arm64 1.0 23.00 NOTE
r-prerel-windows-x86_64 1.0 5.00 61.00 66.00 NOTE
r-patched-linux-x86_64 1.0 4.05 43.15 47.20 NOTE
r-release-linux-x86_64 1.0 3.42 42.23 45.65 OK
r-release-macos-arm64 1.0 23.00 OK
r-release-macos-x86_64 1.0 32.00 OK
r-release-windows-x86_64 1.0 7.00 60.00 67.00 OK
r-oldrel-macos-arm64 1.0 22.00 OK
r-oldrel-windows-x86_64 1.0 8.00 70.00 78.00 OK

Check Details

Version: 1.0
Check: Rd files
Result: NOTE checkRd: (-1) domain_data.Rd:29: Lost braces 29 | code{\link{help}} | ^ checkRd: (-1) length_data.Rd:32: Lost braces 32 | code{\link{help}} | ^ checkRd: (-1) plotdomain.Rd:30: Lost braces 30 | code{\link{help}} | ^ checkRd: (-1) plotmutagensis.Rd:30: Lost braces 30 | code{\link{help}} | ^ checkRd: (-1) plotprotein-package.Rd:20: Lost braces 20 | code{\link{help}} | ^ checkRd: (-1) plotprotein.Rd:30: Lost braces 30 | code{\link{help}} | ^ checkRd: (-1) plotsite.Rd:30: Lost braces 30 | code{\link{help}} | ^ checkRd: (-1) site_data.Rd:30: Lost braces 30 | code{\link{help}} | ^ Flavors: r-devel-linux-x86_64-debian-clang, r-devel-linux-x86_64-debian-gcc, r-devel-linux-x86_64-fedora-clang, r-devel-linux-x86_64-fedora-gcc, r-prerel-macos-arm64, r-prerel-windows-x86_64, r-patched-linux-x86_64