Last updated on 2021-01-23 06:48:23 CET.
Flavor | Version | Tinstall | Tcheck | Ttotal | Status | Flags |
---|---|---|---|---|---|---|
r-devel-linux-x86_64-debian-clang | 2.7-3 | 6.13 | 66.34 | 72.47 | OK | |
r-devel-linux-x86_64-debian-gcc | 2.7-3 | 5.18 | 51.29 | 56.47 | OK | |
r-devel-linux-x86_64-fedora-clang | 2.7-3 | 95.27 | NOTE | |||
r-devel-linux-x86_64-fedora-gcc | 2.7-3 | 87.04 | OK | |||
r-devel-windows-ix86+x86_64 | 2.7-3 | 11.00 | 64.00 | 75.00 | OK | |
r-patched-linux-x86_64 | 2.7-3 | 5.62 | 63.06 | 68.68 | OK | |
r-patched-solaris-x86 | 2.7-3 | 131.90 | OK | |||
r-release-linux-x86_64 | 2.7-3 | 6.22 | 63.46 | 69.68 | OK | |
r-release-macos-x86_64 | 2.7-3 | NOTE | ||||
r-release-windows-ix86+x86_64 | 2.7-3 | 9.00 | 82.00 | 91.00 | OK | |
r-oldrel-macos-x86_64 | 2.7-3 | NOTE | ||||
r-oldrel-windows-ix86+x86_64 | 2.7-3 | 7.00 | 60.00 | 67.00 | OK |
Version: 2.7-3
Check: Rd cross-references
Result: NOTE
Undeclared package ‘sm’ in Rd xrefs
Flavor: r-devel-linux-x86_64-fedora-clang
Version: 2.7-3
Check: package dependencies
Result: NOTE
Package suggested but not available for checking: ‘Rmpi’
Flavors: r-release-macos-x86_64, r-oldrel-macos-x86_64