CRAN Package Check Results for Package plsRglm

Last updated on 2025-01-22 07:50:34 CET.

Flavor Version Tinstall Tcheck Ttotal Status Flags
r-devel-linux-x86_64-debian-clang 1.5.1 31.22 205.95 237.17 NOTE
r-devel-linux-x86_64-debian-gcc 1.5.1 18.53 131.65 150.18 NOTE
r-devel-linux-x86_64-fedora-clang 1.5.1 384.75 OK
r-devel-linux-x86_64-fedora-gcc 1.5.1 365.70 OK
r-devel-windows-x86_64 1.5.1 30.00 198.00 228.00 NOTE
r-patched-linux-x86_64 1.5.1 34.33 186.84 221.17 OK
r-release-linux-x86_64 1.5.1 28.57 187.85 216.42 OK
r-release-macos-arm64 1.5.1 90.00 OK
r-release-macos-x86_64 1.5.1 144.00 OK
r-release-windows-x86_64 1.5.1 29.00 195.00 224.00 OK
r-oldrel-macos-arm64 1.5.1 93.00 OK
r-oldrel-macos-x86_64 1.5.1 170.00 OK
r-oldrel-windows-x86_64 1.5.1 39.00 254.00 293.00 OK

Check Details

Version: 1.5.1
Check: Rd cross-references
Result: NOTE Found the following Rd file(s) with Rd \link{} targets missing package anchors: signpred.Rd: visweb Please provide package anchors for all Rd \link{} targets not in the package itself and the base packages. Flavors: r-devel-linux-x86_64-debian-clang, r-devel-linux-x86_64-debian-gcc, r-devel-windows-x86_64

Version: 1.5.1
Check: for unstated dependencies in ‘demo’
Result: NOTE 'library' or 'require' calls not declared from: ‘plsRcox’ ‘plspm’ Flavor: r-devel-linux-x86_64-debian-gcc