CRAN Package Check Results for Package plsgenomics

Last updated on 2024-03-02 06:52:05 CET.

Flavor Version Tinstall Tcheck Ttotal Status Flags
r-devel-linux-x86_64-debian-clang 1.5-2.1 13.23 109.61 122.84 NOTE
r-devel-linux-x86_64-debian-gcc 1.5-2.1 12.36 81.64 94.00 NOTE
r-devel-linux-x86_64-fedora-clang 1.5-2.1 152.79 NOTE
r-devel-linux-x86_64-fedora-gcc 1.5-2.1 145.00 NOTE
r-devel-windows-x86_64 1.5-2.1 13.00 98.00 111.00 NOTE
r-patched-linux-x86_64 1.5-2.1 14.78 107.56 122.34 OK
r-release-linux-x86_64 1.5-2.1 15.87 108.53 124.40 OK
r-release-macos-arm64 1.5-2.1 46.00 OK
r-release-macos-x86_64 1.5-2.1 95.00 OK
r-release-windows-x86_64 1.5-2.1 20.00 112.00 132.00 OK
r-oldrel-macos-arm64 1.5-2.1 43.00 OK
r-oldrel-windows-x86_64 1.5-2.1 20.00 116.00 136.00 OK

Check Details

Version: 1.5-2.1
Check: Rd files
Result: NOTE checkRd: (-1) spls.cv.Rd:70-72: Lost braces 70 | \item{scale.X}{aa}{boolean value indicating whether the data matrices | ^ checkRd: (-1) spls.stab.Rd:65-67: Lost braces 65 | \item{scale.X}{aa}{boolean value indicating whether the data matrices | ^ Flavors: r-devel-linux-x86_64-debian-clang, r-devel-linux-x86_64-debian-gcc, r-devel-linux-x86_64-fedora-clang, r-devel-linux-x86_64-fedora-gcc

Version: 1.5-2.1
Check: Rd metadata
Result: NOTE Invalid package aliases in Rd file 'plsgenomics-deprecated.Rd': ‘plsgenomics-deprecated-package’ Invalid package aliases in Rd file 'plsgenomics-internal.Rd': ‘plsgenomics-internal-package’ Flavors: r-devel-linux-x86_64-debian-clang, r-devel-linux-x86_64-debian-gcc, r-devel-linux-x86_64-fedora-clang, r-devel-linux-x86_64-fedora-gcc, r-devel-windows-x86_64