Last updated on 2021-02-25 06:47:10 CET.
Flavor | Version | Tinstall | Tcheck | Ttotal | Status | Flags |
---|---|---|---|---|---|---|
r-devel-linux-x86_64-debian-clang | 1.8.6 | 22.01 | 70.53 | 92.54 | OK | |
r-devel-linux-x86_64-debian-gcc | 1.8.6 | 14.59 | 53.37 | 67.96 | OK | |
r-devel-linux-x86_64-fedora-clang | 1.8.6 | 126.84 | OK | |||
r-devel-linux-x86_64-fedora-gcc | 1.8.6 | 110.12 | OK | |||
r-devel-windows-ix86+x86_64 | 1.8.6 | 35.00 | 120.00 | 155.00 | OK | |
r-patched-linux-x86_64 | 1.8.6 | 17.72 | 68.40 | 86.12 | OK | |
r-patched-solaris-x86 | 1.8.6 | 139.80 | OK | |||
r-release-linux-x86_64 | 1.8.6 | 18.87 | 68.69 | 87.56 | OK | |
r-release-macos-x86_64 | 1.8.6 | OK | ||||
r-release-windows-ix86+x86_64 | 1.8.6 | 51.00 | 14.00 | 65.00 | ERROR | |
r-oldrel-macos-x86_64 | 1.8.6 | NOTE | ||||
r-oldrel-windows-ix86+x86_64 | 1.8.6 | 36.00 | 150.00 | 186.00 | OK |
Version: 1.8.6
Check: whether package can be installed
Result: ERROR
Installation failed.
See 'd:/Rcompile/CRANpkg/local/4.0/plyr.Rcheck/00install.out'*
Flavor: r-release-windows-ix86+x86_64
Version: 1.8.6
Check: dependencies in R code
Result: NOTE
No protocol specified
No protocol specified
Flavor: r-oldrel-macos-x86_64