Last updated on 2023-03-30 06:53:24 CEST.
Flavor | Version | Tinstall | Tcheck | Ttotal | Status | Flags |
---|---|---|---|---|---|---|
r-devel-linux-x86_64-debian-clang | 1.3 | 14.37 | 122.09 | 136.46 | OK | |
r-devel-linux-x86_64-debian-gcc | 1.3 | 11.22 | 89.78 | 101.00 | OK | |
r-devel-linux-x86_64-fedora-clang | 1.3 | 164.46 | NOTE | |||
r-devel-linux-x86_64-fedora-gcc | 1.3 | 179.92 | OK | |||
r-devel-windows-x86_64 | 1.3 | 48.00 | 0.00 | 48.00 | OK | |
r-patched-linux-x86_64 | 1.3 | 15.73 | 114.73 | 130.46 | OK | |
r-release-linux-x86_64 | 1.3 | 10.54 | 115.61 | 126.15 | OK | |
r-release-macos-arm64 | 1.3 | 47.00 | OK | |||
r-release-macos-x86_64 | 1.3 | 69.00 | OK | |||
r-release-windows-x86_64 | 1.3 | 56.00 | 144.00 | 200.00 | OK | |
r-oldrel-macos-arm64 | 1.3 | 47.00 | OK | |||
r-oldrel-macos-x86_64 | 1.3 | 70.00 | OK | |||
r-oldrel-windows-ix86+x86_64 | 1.3 | 30.00 | 148.00 | 178.00 | OK |
Version: 1.3
Check: Rd cross-references
Result: NOTE
Undeclared package ‘DiagrammeR’ in Rd xrefs
Flavor: r-devel-linux-x86_64-fedora-clang