CRAN Package Check Results for Package poLCA

Last updated on 2024-06-13 06:58:13 CEST.

Flavor Version Tinstall Tcheck Ttotal Status Flags
r-devel-linux-x86_64-debian-clang 1.6.0.1 4.26 54.14 58.40 NOTE
r-devel-linux-x86_64-debian-gcc 1.6.0.1 3.38 41.53 44.91 NOTE
r-devel-linux-x86_64-fedora-clang 1.6.0.1 72.70 NOTE
r-devel-linux-x86_64-fedora-gcc 1.6.0.1 69.19 NOTE
r-devel-windows-x86_64 1.6.0.1 6.00 71.00 77.00 NOTE
r-patched-linux-x86_64 1.6.0.1 4.82 53.24 58.06 NOTE
r-release-linux-x86_64 1.6.0.1 4.94 52.74 57.68 NOTE
r-release-macos-arm64 1.6.0.1 25.00 NOTE
r-release-macos-x86_64 1.6.0.1 38.00 NOTE
r-release-windows-x86_64 1.6.0.1 6.00 71.00 77.00 NOTE
r-oldrel-macos-arm64 1.6.0.1 30.00 NOTE
r-oldrel-macos-x86_64 1.6.0.1 40.00 NOTE
r-oldrel-windows-x86_64 1.6.0.1 7.00 70.00 77.00 NOTE

Check Details

Version: 1.6.0.1
Check: Rd files
Result: NOTE checkRd: (-1) carcinoma.Rd:8: Escaped LaTeX specials: \& checkRd: (-1) poLCA.Rd:63: Escaped LaTeX specials: \& checkRd: (-1) poLCA.Rd:69: Escaped LaTeX specials: \& Flavors: r-devel-linux-x86_64-debian-clang, r-devel-linux-x86_64-debian-gcc, r-devel-linux-x86_64-fedora-clang, r-devel-linux-x86_64-fedora-gcc, r-devel-windows-x86_64, r-patched-linux-x86_64, r-release-linux-x86_64, r-release-macos-arm64, r-release-macos-x86_64, r-release-windows-x86_64, r-oldrel-macos-arm64, r-oldrel-macos-x86_64, r-oldrel-windows-x86_64

Version: 1.6.0.1
Check: Rd cross-references
Result: NOTE Undeclared package ‘flexmix’ in Rd xrefs Flavor: r-devel-linux-x86_64-fedora-clang