CRAN Package Check Results for Package polimetrics

Last updated on 2023-04-02 06:50:37 CEST.

Flavor Version Tinstall Tcheck Ttotal Status Flags
r-devel-linux-x86_64-debian-clang 1.2.1.14 5.39 44.00 49.39 OK
r-devel-linux-x86_64-debian-gcc 1.2.1.14 4.09 33.33 37.42 OK
r-devel-linux-x86_64-fedora-clang 1.2.1.14 61.26 NOTE
r-devel-linux-x86_64-fedora-gcc 1.2.1.14 64.37 NOTE
r-devel-windows-x86_64 1.2.1.14 10.00 71.00 81.00 OK
r-patched-linux-x86_64 1.2.1.14 4.54 41.62 46.16 OK
r-release-linux-x86_64 1.2.1.14 4.48 44.66 49.14 OK
r-release-macos-arm64 1.2.1.14 25.00 NOTE
r-release-macos-x86_64 1.2.1.14 46.00 NOTE
r-release-windows-x86_64 1.2.1.14 19.00 76.00 95.00 OK
r-oldrel-macos-arm64 1.2.1.14 23.00 NOTE
r-oldrel-macos-x86_64 1.2.1.14 34.00 NOTE
r-oldrel-windows-ix86+x86_64 1.2.1.14 15.00 70.00 85.00 OK

Check Details

Version: 1.2.1.14
Check: dependencies in R code
Result: NOTE
    Namespaces in Imports field not imported from:
     ‘MASS’ ‘car’ ‘formula.tools’ ‘ggplot2’ ‘gplots’ ‘graphics’ ‘purrr’
     ‘rstatix’ ‘stringr’ ‘tidyverse’
     All declared Imports should be used.
Flavors: r-devel-linux-x86_64-fedora-clang, r-devel-linux-x86_64-fedora-gcc, r-release-macos-arm64, r-release-macos-x86_64, r-oldrel-macos-arm64, r-oldrel-macos-x86_64

Version: 1.2.1.14
Check: data for non-ASCII characters
Result: NOTE
     Note: found 2 marked UTF-8 strings
Flavors: r-devel-linux-x86_64-fedora-clang, r-devel-linux-x86_64-fedora-gcc, r-release-macos-arm64, r-release-macos-x86_64, r-oldrel-macos-arm64, r-oldrel-macos-x86_64