CRAN Package Check Results for Package politicsR

Last updated on 2024-06-14 06:53:43 CEST.

Flavor Version Tinstall Tcheck Ttotal Status Flags
r-devel-linux-x86_64-debian-clang 0.1.0 2.06 24.30 26.36 OK
r-devel-linux-x86_64-debian-gcc 0.1.0 2.16 19.12 21.28 OK
r-devel-linux-x86_64-fedora-clang 0.1.0 34.46 NOTE
r-devel-linux-x86_64-fedora-gcc 0.1.0 32.25 NOTE
r-devel-windows-x86_64 0.1.0 4.00 43.00 47.00 OK
r-patched-linux-x86_64 0.1.0 2.83 23.96 26.79 OK
r-release-linux-x86_64 0.1.0 2.32 23.14 25.46 OK
r-release-macos-arm64 0.1.0 16.00 OK
r-release-macos-x86_64 0.1.0 22.00 OK
r-release-windows-x86_64 0.1.0 3.00 43.00 46.00 OK
r-oldrel-macos-arm64 0.1.0 16.00 OK
r-oldrel-macos-x86_64 0.1.0 21.00 OK
r-oldrel-windows-x86_64 0.1.0 4.00 44.00 48.00 OK

Check Details

Version: 0.1.0
Check: data for non-ASCII characters
Result: NOTE Note: found 805 marked Latin-1 strings Note: found 12681 marked UTF-8 strings Flavors: r-devel-linux-x86_64-fedora-clang, r-devel-linux-x86_64-fedora-gcc