Last updated on 2021-04-17 06:46:52 CEST.
Flavor | Version | Tinstall | Tcheck | Ttotal | Status | Flags |
---|---|---|---|---|---|---|
r-devel-linux-x86_64-debian-clang | 3.1.0 | 31.51 | 303.39 | 334.90 | NOTE | |
r-devel-linux-x86_64-debian-gcc | 3.1.0 | 25.99 | 228.33 | 254.32 | NOTE | |
r-devel-linux-x86_64-fedora-clang | 3.1.0 | 426.51 | NOTE | |||
r-devel-linux-x86_64-fedora-gcc | 3.1.0 | 409.60 | NOTE | |||
r-devel-windows-ix86+x86_64 | 3.1.0 | 64.00 | 227.00 | 291.00 | OK | |
r-devel-windows-x86_64-gcc10-UCRT | 3.1.0 | OK | ||||
r-patched-linux-x86_64 | 3.1.0 | 31.72 | 288.44 | 320.16 | NOTE | |
r-patched-solaris-x86 | 3.1.0 | 419.20 | NOTE | |||
r-release-linux-x86_64 | 3.1.0 | 31.26 | 286.96 | 318.22 | NOTE | |
r-release-macos-x86_64 | 3.1.0 | OK | ||||
r-release-windows-ix86+x86_64 | 3.1.0 | 64.00 | 287.00 | 351.00 | OK | |
r-oldrel-macos-x86_64 | 3.1.0 | OK | ||||
r-oldrel-windows-ix86+x86_64 | 3.1.0 | 37.00 | 266.00 | 303.00 | OK |
Version: 3.1.0
Check: for non-standard things in the check directory
Result: NOTE
Found the following files/directories:
'AbsorbedDrugMetabolites' 'CorrelationResults'
'EndogenousMetabolites' 'HeatMap' 'PKresults'
'SecondAbsorbedMetabolites' 'preprocessed-data'
Flavors: r-devel-linux-x86_64-debian-clang, r-devel-linux-x86_64-debian-gcc, r-devel-linux-x86_64-fedora-clang, r-devel-linux-x86_64-fedora-gcc, r-patched-linux-x86_64, r-patched-solaris-x86, r-release-linux-x86_64