CRAN Package Check Results for Package polyRAD

Last updated on 2021-06-13 06:49:59 CEST.

Flavor Version Tinstall Tcheck Ttotal Status Flags
r-devel-linux-x86_64-debian-clang 1.4 90.95 142.26 233.21 OK
r-devel-linux-x86_64-debian-gcc 1.4 57.09 104.99 162.08 OK
r-devel-linux-x86_64-fedora-clang 1.4 316.73 NOTE
r-devel-linux-x86_64-fedora-gcc 1.4 300.55 OK
r-devel-windows-x86_64 1.4 110.00 185.00 295.00 NOTE
r-devel-windows-x86_64-gcc10-UCRT 1.4 NOTE
r-patched-linux-x86_64 1.4 72.37 131.02 203.39 OK
r-patched-solaris-x86 1.4 338.50 NOTE
r-release-linux-x86_64 1.4 71.33 132.80 204.13 OK
r-release-macos-arm64 1.4 ERROR
r-release-macos-x86_64 1.4 NOTE
r-release-windows-ix86+x86_64 1.4 170.00 213.00 383.00 NOTE
r-oldrel-macos-x86_64 1.4 NOTE
r-oldrel-windows-ix86+x86_64 1.4 167.00 219.00 386.00 NOTE

Check Details

Version: 1.4
Check: installed package size
Result: NOTE
     installed size is 9.3Mb
     sub-directories of 1Mb or more:
     extdata 4.7Mb
     libs 3.3Mb
Flavors: r-devel-linux-x86_64-fedora-clang, r-devel-windows-x86_64, r-patched-solaris-x86, r-release-macos-x86_64, r-release-windows-ix86+x86_64, r-oldrel-macos-x86_64, r-oldrel-windows-ix86+x86_64

Version: 1.4
Check: Rd cross-references
Result: NOTE
    Undeclared package ‘BSgenome’ in Rd xrefs
Flavor: r-devel-linux-x86_64-fedora-clang

Version: 1.4
Check: package dependencies
Result: NOTE
    Package suggested but not available for checking: 'adegenet'
Flavor: r-devel-windows-x86_64-gcc10-UCRT

Version: 1.4
Check: Rd cross-references
Result: NOTE
    Package unavailable to check Rd xrefs: 'adegenet'
Flavor: r-devel-windows-x86_64-gcc10-UCRT

Version: 1.4
Check: package dependencies
Result: ERROR
    Package required but not available: ‘pcaMethods’
    
    Packages suggested but not available for checking:
     'Rsamtools', 'GenomicRanges', 'VariantAnnotation',
     'SummarizedExperiment', 'GenomicFeatures'
    
    See section ‘The DESCRIPTION file’ in the ‘Writing R Extensions’
    manual.
Flavor: r-release-macos-arm64