Last updated on 2022-06-26 06:50:44 CEST.
Flavor | Version | Tinstall | Tcheck | Ttotal | Status | Flags |
---|---|---|---|---|---|---|
r-devel-linux-x86_64-debian-clang | 0.2-5 | 3.57 | 40.54 | 44.11 | OK | |
r-devel-linux-x86_64-debian-gcc | 0.2-5 | 2.15 | 30.88 | 33.03 | OK | |
r-devel-linux-x86_64-fedora-clang | 0.2-5 | 67.70 | WARN | |||
r-devel-linux-x86_64-fedora-gcc | 0.2-5 | 63.07 | WARN | |||
r-devel-windows-x86_64 | 0.2-5 | 40.00 | 86.00 | 126.00 | OK | |
r-patched-linux-x86_64 | 0.2-5 | 3.39 | 37.76 | 41.15 | OK | |
r-release-linux-x86_64 | 0.2-5 | 3.55 | 37.83 | 41.38 | OK | |
r-release-macos-arm64 | 0.2-5 | 26.00 | OK | |||
r-release-macos-x86_64 | 0.2-5 | 32.00 | OK | |||
r-release-windows-x86_64 | 0.2-5 | 34.00 | 85.00 | 119.00 | OK | |
r-oldrel-macos-arm64 | 0.2-5 | 30.00 | OK | |||
r-oldrel-macos-x86_64 | 0.2-5 | 38.00 | OK | |||
r-oldrel-windows-ix86+x86_64 | 0.2-5 | 7.00 | 60.00 | 67.00 | OK |
Version: 0.2-5
Check: package dependencies
Result: WARN
Requires (indirectly) orphaned package: ‘gtools’
Flavors: r-devel-linux-x86_64-fedora-clang, r-devel-linux-x86_64-fedora-gcc