Last updated on 2023-03-28 06:51:24 CEST.
Flavor | Version | Tinstall | Tcheck | Ttotal | Status | Flags |
---|---|---|---|---|---|---|
r-devel-linux-x86_64-debian-clang | 1.1.3 | 471.30 | 1295.58 | 1766.88 | OK | |
r-devel-linux-x86_64-debian-gcc | 1.1.3 | 346.54 | 904.53 | 1251.07 | OK | |
r-devel-linux-x86_64-fedora-clang | 1.1.3 | 2562.70 | NOTE | |||
r-devel-linux-x86_64-fedora-gcc | 1.1.3 | 2545.67 | OK | |||
r-patched-linux-x86_64 | 1.1.3 | 428.82 | 1222.57 | 1651.39 | OK | |
r-release-linux-x86_64 | 1.1.3 | 431.14 | 1196.89 | 1628.03 | OK | |
r-release-macos-arm64 | 1.1.3 | 287.00 | NOTE | |||
r-release-macos-x86_64 | 1.1.3 | 568.00 | NOTE | |||
r-release-windows-x86_64 | 1.1.3 | 572.00 | 924.00 | 1496.00 | NOTE | |
r-oldrel-macos-arm64 | 1.1.3 | 307.00 | NOTE | |||
r-oldrel-macos-x86_64 | 1.1.3 | 565.00 | NOTE | |||
r-oldrel-windows-ix86+x86_64 | 1.1.3 | 622.00 | 1006.00 | 1628.00 | NOTE |
Version: 1.1.3
Check: installed package size
Result: NOTE
installed size is 12.1Mb
sub-directories of 1Mb or more:
R 6.5Mb
data 4.6Mb
Flavors: r-devel-linux-x86_64-fedora-clang, r-release-macos-arm64, r-release-macos-x86_64, r-release-windows-x86_64, r-oldrel-macos-arm64, r-oldrel-macos-x86_64, r-oldrel-windows-ix86+x86_64