CRAN Package Check Results for Package pomodoro

Last updated on 2024-05-18 07:49:14 CEST.

Flavor Version Tinstall Tcheck Ttotal Status Flags
r-devel-linux-x86_64-debian-clang 3.8.0 13.91 259.62 273.53 NOTE
r-devel-linux-x86_64-debian-gcc 3.8.0 13.05 192.98 206.03 NOTE
r-devel-linux-x86_64-fedora-clang 3.8.0 342.20 NOTE
r-devel-linux-x86_64-fedora-gcc 3.8.0 389.48 NOTE
r-devel-windows-x86_64 3.8.0 15.00 206.00 221.00 NOTE
r-patched-linux-x86_64 3.8.0 11.73 243.92 255.65 NOTE
r-release-linux-x86_64 3.8.0 10.50 242.44 252.94 NOTE
r-release-macos-arm64 3.8.0 130.00 NOTE
r-release-windows-x86_64 3.8.0 15.00 203.00 218.00 NOTE
r-oldrel-macos-arm64 3.8.0 142.00 OK
r-oldrel-macos-x86_64 3.8.0 213.00 OK
r-oldrel-windows-x86_64 3.8.0 18.00 248.00 266.00 OK

Check Details

Version: 3.8.0
Check: Rd files
Result: NOTE checkRd: (-1) MLM_Model.Rd:31: Lost braces; missing escapes or markup? 31 | the weight vectors \bold{{w}^{i}} corresponds to class \eqn{i}{i}. | ^ checkRd: (-1) MLM_Model.Rd:33: Lost braces; missing escapes or markup? 33 | We set \eqn{{\bold{{w}}^{h}} = 0} and the parameters to be learned are the weight vectors \bold{{w}^{i}} | ^ Flavors: r-devel-linux-x86_64-debian-clang, r-devel-linux-x86_64-debian-gcc, r-devel-linux-x86_64-fedora-clang, r-devel-linux-x86_64-fedora-gcc, r-devel-windows-x86_64, r-patched-linux-x86_64, r-release-linux-x86_64, r-release-macos-arm64, r-release-windows-x86_64