CRAN Package Check Results for Package pop

Last updated on 2022-01-26 06:50:24 CET.

Flavor Version Tinstall Tcheck Ttotal Status Flags
r-devel-linux-x86_64-debian-clang 0.1 4.09 58.32 62.41 NOTE
r-devel-linux-x86_64-debian-gcc 0.1 2.86 44.95 47.81 NOTE
r-devel-linux-x86_64-fedora-clang 0.1 74.13 NOTE
r-devel-linux-x86_64-fedora-gcc 0.1 63.71 NOTE
r-devel-windows-x86_64-new-UL 0.1 42.00 77.00 119.00 NOTE
r-devel-windows-x86_64-new-TK 0.1 NOTE
r-patched-linux-x86_64 0.1 2.85 55.09 57.94 NOTE
r-release-linux-x86_64 0.1 2.93 55.01 57.94 NOTE
r-release-macos-arm64 0.1 NOTE
r-release-macos-x86_64 0.1 NOTE
r-release-windows-ix86+x86_64 0.1 7.00 70.00 77.00 NOTE
r-oldrel-macos-x86_64 0.1 OK
r-oldrel-windows-ix86+x86_64 0.1 6.00 67.00 73.00 OK

Check Details

Version: 0.1
Check: LazyData
Result: NOTE
     'LazyData' is specified without a 'data' directory
Flavors: r-devel-linux-x86_64-debian-clang, r-devel-linux-x86_64-debian-gcc, r-devel-linux-x86_64-fedora-clang, r-devel-linux-x86_64-fedora-gcc, r-devel-windows-x86_64-new-UL, r-devel-windows-x86_64-new-TK, r-patched-linux-x86_64, r-release-linux-x86_64, r-release-macos-arm64, r-release-macos-x86_64, r-release-windows-ix86+x86_64