CRAN Package Check Results for Package popbio

Last updated on 2022-08-17 06:51:24 CEST.

Flavor Version Tinstall Tcheck Ttotal Status Flags
r-devel-linux-x86_64-debian-clang 2.7 5.35 56.31 61.66 NOTE
r-devel-linux-x86_64-debian-gcc 2.7 NOTE
r-devel-linux-x86_64-fedora-clang 2.7 83.51 NOTE
r-devel-linux-x86_64-fedora-gcc 2.7 79.99 NOTE
r-devel-windows-x86_64 2.7 37.00 85.00 122.00 NOTE
r-patched-linux-x86_64 2.7 6.00 52.56 58.56 OK
r-release-linux-x86_64 2.7 4.47 52.20 56.67 OK
r-release-macos-arm64 2.7 22.00 OK
r-release-macos-x86_64 2.7 34.00 OK
r-release-windows-x86_64 2.7 16.00 84.00 100.00 OK
r-oldrel-macos-arm64 2.7 29.00 OK
r-oldrel-macos-x86_64 2.7 48.00 OK
r-oldrel-windows-ix86+x86_64 2.7 9.00 54.00 63.00 OK

Check Details

Version: 2.7
Check: Rd files
Result: NOTE
    checkRd: (-1) Kendall.Rd:73: Escaped LaTeX specials: \&
    checkRd: (-1) countCDFxt.Rd:63: Escaped LaTeX specials: \&
Flavors: r-devel-linux-x86_64-debian-clang, r-devel-linux-x86_64-debian-gcc, r-devel-linux-x86_64-fedora-clang, r-devel-linux-x86_64-fedora-gcc, r-devel-windows-x86_64