CRAN Package Check Results for Package popstudy

Last updated on 2022-10-02 07:54:33 CEST.

Flavor Version Tinstall Tcheck Ttotal Status Flags
r-devel-linux-x86_64-debian-clang 1.0.0 35.81 260.30 296.11 OK
r-devel-linux-x86_64-debian-gcc 1.0.0 25.51 195.42 220.93 OK
r-devel-linux-x86_64-fedora-clang 1.0.0 384.48 NOTE
r-devel-linux-x86_64-fedora-gcc 1.0.0 373.05 NOTE
r-devel-windows-x86_64 1.0.0 52.00 294.00 346.00 OK
r-patched-linux-x86_64 1.0.0 36.98 241.53 278.51 OK
r-release-linux-x86_64 1.0.0 32.49 250.06 282.55 OK
r-release-macos-arm64 1.0.0 96.00 NOTE
r-release-macos-x86_64 1.0.0 124.00 NOTE
r-release-windows-x86_64 1.0.0 58.00 297.00 355.00 OK
r-oldrel-macos-arm64 1.0.0 93.00 NOTE
r-oldrel-macos-x86_64 1.0.0 119.00 NOTE
r-oldrel-windows-ix86+x86_64 1.0.0 71.00 279.00 350.00 OK

Check Details

Version: 1.0.0
Check: package dependencies
Result: NOTE
    Imports includes 23 non-default packages.
    Importing from so many packages makes the package vulnerable to any of
    them becoming unavailable. Move as many as possible to Suggests and
    use conditionally.
Flavor: r-devel-linux-x86_64-fedora-clang

Version: 1.0.0
Check: dependencies in R code
Result: NOTE
    Namespaces in Imports field not imported from:
     ‘psych’ ‘zoo’
     All declared Imports should be used.
Flavors: r-devel-linux-x86_64-fedora-clang, r-devel-linux-x86_64-fedora-gcc, r-release-macos-arm64, r-release-macos-x86_64, r-oldrel-macos-arm64, r-oldrel-macos-x86_64