Last updated on 2021-04-17 06:46:52 CEST.
Flavor | Version | Tinstall | Tcheck | Ttotal | Status | Flags |
---|---|---|---|---|---|---|
r-devel-linux-x86_64-debian-clang | 1.2 | 1.90 | 21.77 | 23.67 | NOTE | |
r-devel-linux-x86_64-debian-gcc | 1.2 | 1.53 | 17.32 | 18.85 | NOTE | |
r-devel-linux-x86_64-fedora-clang | 1.2 | 38.43 | NOTE | |||
r-devel-linux-x86_64-fedora-gcc | 1.2 | 28.13 | NOTE | |||
r-devel-windows-ix86+x86_64 | 1.2 | 5.00 | 30.00 | 35.00 | NOTE | |
r-devel-windows-x86_64-gcc10-UCRT | 1.2 | NOTE | ||||
r-patched-linux-x86_64 | 1.2 | 1.78 | 21.08 | 22.86 | OK | |
r-patched-solaris-x86 | 1.2 | 46.10 | OK | |||
r-release-linux-x86_64 | 1.2 | 1.89 | 21.05 | 22.94 | OK | |
r-release-macos-x86_64 | 1.2 | OK | ||||
r-release-windows-ix86+x86_64 | 1.2 | 12.00 | 41.00 | 53.00 | OK | |
r-oldrel-macos-x86_64 | 1.2 | OK | ||||
r-oldrel-windows-ix86+x86_64 | 1.2 | 3.00 | 37.00 | 40.00 | OK |
Version: 1.2
Check: LazyData
Result: NOTE
'LazyData' is specified without a 'data' directory
Flavors: r-devel-linux-x86_64-debian-clang, r-devel-linux-x86_64-debian-gcc, r-devel-linux-x86_64-fedora-clang, r-devel-linux-x86_64-fedora-gcc, r-devel-windows-ix86+x86_64, r-devel-windows-x86_64-gcc10-UCRT