Last updated on 2022-07-02 07:07:07 CEST.
Flavor | Version | Tinstall | Tcheck | Ttotal | Status | Flags |
---|---|---|---|---|---|---|
r-devel-linux-x86_64-debian-clang | 1.0.5 | 1.62 | 28.77 | 30.39 | NOTE | |
r-devel-linux-x86_64-debian-gcc | 1.0.5 | 1.60 | 22.70 | 24.30 | NOTE | |
r-devel-linux-x86_64-fedora-clang | 1.0.5 | 49.15 | WARN | |||
r-devel-linux-x86_64-fedora-gcc | 1.0.5 | 47.71 | WARN | |||
r-devel-windows-x86_64 | 1.0.5 | 14.00 | 59.00 | 73.00 | NOTE | |
r-patched-linux-x86_64 | 1.0.5 | 2.63 | 28.49 | 31.12 | NOTE | |
r-release-linux-x86_64 | 1.0.5 | 2.13 | 27.95 | 30.08 | NOTE | |
r-release-macos-arm64 | 1.0.5 | 17.00 | NOTE | |||
r-release-macos-x86_64 | 1.0.5 | 29.00 | NOTE | |||
r-release-windows-x86_64 | 1.0.5 | 16.00 | 60.00 | 76.00 | NOTE | |
r-oldrel-macos-arm64 | 1.0.5 | 25.00 | NOTE | |||
r-oldrel-macos-x86_64 | 1.0.5 | 27.00 | NOTE | |||
r-oldrel-windows-ix86+x86_64 | 1.0.5 | 7.00 | 48.00 | 55.00 | NOTE |
Version: 1.0.5
Check: LazyData
Result: NOTE
'LazyData' is specified without a 'data' directory
Flavors: r-devel-linux-x86_64-debian-clang, r-devel-linux-x86_64-debian-gcc, r-devel-linux-x86_64-fedora-clang, r-devel-linux-x86_64-fedora-gcc, r-devel-windows-x86_64, r-patched-linux-x86_64, r-release-linux-x86_64, r-release-macos-arm64, r-release-macos-x86_64, r-release-windows-x86_64, r-oldrel-macos-arm64, r-oldrel-macos-x86_64, r-oldrel-windows-ix86+x86_64
Version: 1.0.5
Check: package dependencies
Result: WARN
Requires (indirectly) orphaned package: ‘gtools’
Flavors: r-devel-linux-x86_64-fedora-clang, r-devel-linux-x86_64-fedora-gcc