CRAN Package Check Results for Package ppRep

Last updated on 2024-06-13 06:58:13 CEST.

Flavor Version Tinstall Tcheck Ttotal Status Flags
r-devel-linux-x86_64-debian-clang 0.42.3 2.72 32.89 35.61 OK
r-devel-linux-x86_64-debian-gcc 0.42.3 2.15 24.39 26.54 NOTE
r-devel-linux-x86_64-fedora-clang 0.42.3 44.00 OK
r-devel-linux-x86_64-fedora-gcc 0.42.3 40.93 OK
r-devel-windows-x86_64 0.42.3 3.00 45.00 48.00 OK
r-patched-linux-x86_64 0.42.3 2.49 31.54 34.03 OK
r-release-linux-x86_64 0.42.3 2.70 30.45 33.15 OK
r-release-macos-arm64 0.42.3 17.00 OK
r-release-macos-x86_64 0.42.3 25.00 OK
r-release-windows-x86_64 0.42.3 3.00 48.00 51.00 OK
r-oldrel-macos-arm64 0.42.3 21.00 OK
r-oldrel-macos-x86_64 0.42.3 35.00 OK
r-oldrel-windows-x86_64 0.42.3 4.00 45.00 49.00 OK

Check Details

Version: 0.42.3
Check: package dependencies
Result: NOTE Package suggested but not available for checking: ‘roxygen2’ Flavor: r-devel-linux-x86_64-debian-gcc