CRAN Package Check Results for Package ppcSpatial

Last updated on 2020-09-22 06:47:37 CEST.

Flavor Version Tinstall Tcheck Ttotal Status Flags
r-devel-linux-x86_64-debian-clang 0.2.0 14.15 121.73 135.88 OK
r-devel-linux-x86_64-debian-gcc 0.2.0 0.34 1.93 2.27 ERROR
r-devel-linux-x86_64-fedora-clang 0.2.0 177.59 OK
r-devel-linux-x86_64-fedora-gcc 0.2.0 168.79 OK
r-devel-windows-ix86+x86_64 0.2.0 38.00 124.00 162.00 OK
r-patched-linux-x86_64 0.2.0 9.78 118.16 127.94 OK
r-patched-solaris-x86 0.2.0 232.30 OK
r-release-linux-x86_64 0.2.0 10.01 119.06 129.07 OK
r-release-macos-x86_64 0.2.0 OK
r-release-windows-ix86+x86_64 0.2.0 34.00 148.00 182.00 OK
r-oldrel-macos-x86_64 0.2.0 OK
r-oldrel-windows-ix86+x86_64 0.2.0 23.00 102.00 125.00 OK

Check Details

Version: 0.2.0
Check: whether package can be installed
Result: ERROR
    Installation failed.
Flavor: r-devel-linux-x86_64-debian-gcc