CRAN Package Check Results for Package ppmSuite

Last updated on 2024-02-29 06:54:16 CET.

Flavor Version Tinstall Tcheck Ttotal Status Flags
r-devel-linux-x86_64-debian-clang 0.3.4 28.05 72.13 100.18 NOTE
r-devel-linux-x86_64-debian-gcc 0.3.4 26.91 55.03 81.94 NOTE
r-devel-linux-x86_64-fedora-clang 0.3.4 119.65 NOTE
r-devel-linux-x86_64-fedora-gcc 0.3.4 127.07 NOTE
r-devel-windows-x86_64 0.3.4 30.00 80.00 110.00 OK
r-patched-linux-x86_64 0.3.4 24.73 70.86 95.59 OK
r-release-linux-x86_64 0.3.4 27.71 71.65 99.36 OK
r-release-macos-arm64 0.3.4 39.00 OK
r-release-macos-x86_64 0.3.4 81.00 OK
r-release-windows-x86_64 0.3.4 37.00 88.00 125.00 OK
r-oldrel-macos-arm64 0.3.4 42.00 OK
r-oldrel-windows-x86_64 0.3.4 37.00 91.00 128.00 OK

Check Details

Version: 0.3.4
Check: Rd files
Result: NOTE checkRd: (-1) ccp_ppm.Rd:26: Lost braces; missing escapes or markup? 26 | \item{model}{Determines of model fit is such that there are p_{it}s (model=1) or | ^ checkRd: (-1) curve_ppmx.Rd:145: Lost braces; missing escapes or markup? 145 | \item sig2 - a matrix of dimension (T, N) containing MCMC iterates associated with each subjects variance parameter (sigma2*_{c_i}) | ^ checkRd: (-1) gaussian_ppmx.Rd:143: Lost braces; missing escapes or markup? 143 | \item mu - a matrix of dimension (T, N) containing MCMC iterates associated with each subjects mean parameter (mu*_{c_i}). | ^ checkRd: (-1) gaussian_ppmx.Rd:145: Lost braces; missing escapes or markup? 145 | \item sig2 - a matrix of dimension (T, N) containing MCMC iterates associated with each subjects variance parameter (sigma2*_{c_i}) | ^ checkRd: (-1) ordinal_ppmx.Rd:145: Lost braces; missing escapes or markup? 145 | \item mu - a matrix of dimension (T, N) containing MCMC iterates associated with each subjects mean parameter (mu*_{c_i}). | ^ checkRd: (-1) ordinal_ppmx.Rd:147: Lost braces; missing escapes or markup? 147 | \item sig2 - a matrix of dimension (T, N) containing MCMC iterates associated with each sujbects variance parameter (sigma2*_{c_i}) | ^ Flavors: r-devel-linux-x86_64-debian-clang, r-devel-linux-x86_64-debian-gcc, r-devel-linux-x86_64-fedora-clang, r-devel-linux-x86_64-fedora-gcc