CRAN Package Check Results for Package pqrfe

Last updated on 2025-01-19 06:48:30 CET.

Flavor Version Tinstall Tcheck Ttotal Status Flags
r-devel-linux-x86_64-debian-clang 1.1 20.25 29.79 50.04 NOTE
r-devel-linux-x86_64-debian-gcc 1.1 15.18 23.03 38.21 NOTE
r-devel-linux-x86_64-fedora-clang 1.1 91.07 NOTE
r-devel-linux-x86_64-fedora-gcc 1.1 92.36 NOTE
r-devel-windows-x86_64 1.1 24.00 78.00 102.00 NOTE
r-patched-linux-x86_64 1.1 25.21 27.91 53.12 NOTE
r-release-linux-x86_64 1.1 19.52 27.99 47.51 NOTE
r-release-macos-arm64 1.1 27.00 NOTE
r-release-macos-x86_64 1.1 41.00 NOTE
r-release-windows-x86_64 1.1 24.00 83.00 107.00 NOTE
r-oldrel-macos-arm64 1.1 28.00 NOTE
r-oldrel-macos-x86_64 1.1 45.00 NOTE
r-oldrel-windows-x86_64 1.1 28.00 81.00 109.00 NOTE

Check Details

Version: 1.1
Check: C++ specification
Result: NOTE Specified C++11: please drop specification unless essential Flavors: r-devel-linux-x86_64-debian-clang, r-devel-linux-x86_64-debian-gcc, r-devel-linux-x86_64-fedora-clang, r-devel-linux-x86_64-fedora-gcc, r-devel-windows-x86_64, r-patched-linux-x86_64, r-release-linux-x86_64, r-release-macos-arm64, r-release-macos-x86_64, r-release-windows-x86_64, r-oldrel-macos-arm64, r-oldrel-macos-x86_64, r-oldrel-windows-x86_64