Last updated on 2021-01-17 06:46:59 CET.
Flavor | Version | Tinstall | Tcheck | Ttotal | Status | Flags |
---|---|---|---|---|---|---|
r-devel-linux-x86_64-debian-clang | 0.1.1 | 5.08 | 72.03 | 77.11 | OK | |
r-devel-linux-x86_64-debian-gcc | 0.1.1 | 4.11 | 57.89 | 62.00 | OK | |
r-devel-linux-x86_64-fedora-clang | 0.1.1 | 103.12 | NOTE | |||
r-devel-linux-x86_64-fedora-gcc | 0.1.1 | 99.78 | NOTE | |||
r-devel-windows-ix86+x86_64 | 0.1.1 | 8.00 | 78.00 | 86.00 | OK | |
r-patched-linux-x86_64 | 0.1.1 | 5.07 | 72.58 | 77.65 | OK | |
r-patched-solaris-x86 | 0.1.1 | 130.30 | NOTE | |||
r-release-linux-x86_64 | 0.1.1 | 5.56 | 73.61 | 79.17 | OK | |
r-release-macos-x86_64 | 0.1.1 | NOTE | ||||
r-release-windows-ix86+x86_64 | 0.1.1 | 12.00 | 97.00 | 109.00 | OK | |
r-oldrel-macos-x86_64 | 0.1.1 | NOTE | ||||
r-oldrel-windows-ix86+x86_64 | 0.1.1 | 8.00 | 74.00 | 82.00 | OK |
Version: 0.1.1
Check: dependencies in R code
Result: NOTE
Namespaces in Imports field not imported from:
‘shinycssloaders’ ‘shinythemes’
All declared Imports should be used.
Flavors: r-devel-linux-x86_64-fedora-clang, r-devel-linux-x86_64-fedora-gcc, r-patched-solaris-x86, r-release-macos-x86_64, r-oldrel-macos-x86_64