CRAN Package Check Results for Package predictoR

Last updated on 2020-10-28 05:48:41 CET.

Flavor Version Tinstall Tcheck Ttotal Status Flags
r-devel-linux-x86_64-debian-clang 1.1.3 2.36 19.12 21.48 OK
r-devel-linux-x86_64-debian-gcc 1.1.3 1.89 15.15 17.04 OK
r-devel-linux-x86_64-fedora-clang 1.1.3 37.36 NOTE
r-devel-linux-x86_64-fedora-gcc 1.1.3 26.07 NOTE
r-devel-windows-ix86+x86_64 1.1.3 7.00 28.00 35.00 OK
r-patched-linux-x86_64 1.1.3 OK
r-patched-solaris-x86 1.1.3 41.20 NOTE
r-release-linux-x86_64 1.1.3 2.55 18.25 20.80 OK
r-release-macos-x86_64 1.1.3 NOTE
r-release-windows-ix86+x86_64 1.1.3 6.00 26.00 32.00 OK
r-oldrel-macos-x86_64 1.1.3 NOTE
r-oldrel-windows-ix86+x86_64 1.1.3 5.00 35.00 40.00 OK

Check Details

Version: 1.1.3
Check: package dependencies
Result: NOTE
    Imports includes 22 non-default packages.
    Importing from so many packages makes the package vulnerable to any of
    them becoming unavailable. Move as many as possible to Suggests and
    use conditionally.
Flavor: r-devel-linux-x86_64-fedora-clang

Version: 1.1.3
Check: dependencies in R code
Result: NOTE
    Namespaces in Imports field not imported from:
     ‘DT’ ‘ROCR’ ‘ada’ ‘colourpicker’ ‘corrplot’ ‘e1071’ ‘flexdashboard’
     ‘glmnet’ ‘kknn’ ‘neuralnet’ ‘plyr’ ‘randomForest’ ‘rattle’ ‘rpart’
     ‘shinyAce’ ‘shinyWidgets’ ‘shinydashboardPlus’ ‘shinyjs’ ‘tidyverse’
     ‘xgboost’ ‘zip’
     All declared Imports should be used.
Flavors: r-devel-linux-x86_64-fedora-clang, r-devel-linux-x86_64-fedora-gcc, r-patched-solaris-x86, r-release-macos-x86_64, r-oldrel-macos-x86_64