CRAN Package Check Results for Package predictoR

Last updated on 2021-08-04 06:48:46 CEST.

Flavor Version Tinstall Tcheck Ttotal Status Flags
r-devel-linux-x86_64-debian-clang 1.1.9 2.67 21.31 23.98 OK
r-devel-linux-x86_64-debian-gcc 1.1.9 2.13 17.09 19.22 OK
r-devel-linux-x86_64-fedora-clang 1.1.9 37.73 NOTE
r-devel-linux-x86_64-fedora-gcc 1.1.9 27.02 NOTE
r-devel-windows-x86_64 1.1.9 30.00 37.00 67.00 OK
r-devel-windows-x86_64-gcc10-UCRT 1.1.9 NOTE
r-patched-linux-x86_64 1.1.9 2.51 20.48 22.99 OK
r-patched-solaris-x86 1.1.9 44.50 NOTE
r-release-linux-x86_64 1.1.9 2.45 20.56 23.01 OK
r-release-macos-arm64 1.1.9 NOTE
r-release-macos-x86_64 1.1.9 NOTE
r-release-windows-ix86+x86_64 1.1.9 8.00 37.00 45.00 OK
r-oldrel-macos-x86_64 1.1.9 NOTE
r-oldrel-windows-ix86+x86_64 1.1.9 9.00 35.00 44.00 OK

Check Details

Version: 1.1.9
Check: dependencies in R code
Result: NOTE
    Namespaces in Imports field not imported from:
     ‘DT’ ‘ROCR’ ‘adabag’ ‘colourpicker’ ‘e1071’ ‘flexdashboard’ ‘glmnet’
     ‘kknn’ ‘neuralnet’ ‘plyr’ ‘randomForest’ ‘rattle’ ‘rpart’ ‘shinyAce’
     ‘shinyWidgets’ ‘shinydashboardPlus’ ‘shinyjs’ ‘tidyverse’ ‘xgboost’
     All declared Imports should be used.
Flavors: r-devel-linux-x86_64-fedora-clang, r-devel-linux-x86_64-fedora-gcc, r-devel-windows-x86_64-gcc10-UCRT, r-patched-solaris-x86, r-release-macos-arm64, r-release-macos-x86_64, r-oldrel-macos-x86_64