CRAN Package Check Results for Package presenter

Last updated on 2022-01-21 07:52:43 CET.

Flavor Version Tinstall Tcheck Ttotal Status Flags
r-devel-linux-x86_64-debian-clang 0.1.1 OK
r-devel-linux-x86_64-debian-gcc 0.1.1 3.40 42.41 45.81 OK
r-devel-linux-x86_64-fedora-clang 0.1.1 72.70 NOTE
r-devel-linux-x86_64-fedora-gcc 0.1.1 60.50 NOTE
r-devel-windows-x86_64-new-UL 0.1.1 67.00 96.00 163.00 OK
r-devel-windows-x86_64-new-TK 0.1.1 NOTE
r-patched-linux-x86_64 0.1.1 2.57 59.50 62.07 OK
r-release-linux-x86_64 0.1.1 2.37 60.23 62.60 OK
r-release-macos-arm64 0.1.1 NOTE
r-release-macos-x86_64 0.1.1 NOTE
r-release-windows-ix86+x86_64 0.1.1 10.00 83.00 93.00 OK
r-oldrel-macos-x86_64 0.1.1 NOTE
r-oldrel-windows-ix86+x86_64 0.1.1 11.00 86.00 97.00 OK

Check Details

Version: 0.1.1
Check: dependencies in R code
Result: NOTE
    Namespace in Imports field not imported from: ‘badger’
     All declared Imports should be used.
Flavors: r-devel-linux-x86_64-fedora-clang, r-devel-linux-x86_64-fedora-gcc, r-devel-windows-x86_64-new-TK, r-release-macos-arm64, r-release-macos-x86_64, r-oldrel-macos-x86_64