CRAN Package Check Results for Package presenter

Last updated on 2024-05-26 07:10:32 CEST.

Flavor Version Tinstall Tcheck Ttotal Status Flags
r-devel-linux-x86_64-debian-clang 0.1.2 3.89 66.22 70.11 NOTE
r-devel-linux-x86_64-debian-gcc 0.1.2 2.75 50.39 53.14 NOTE
r-devel-linux-x86_64-fedora-clang 0.1.2 94.45 NOTE
r-devel-linux-x86_64-fedora-gcc 0.1.2 102.74 NOTE
r-devel-windows-x86_64 0.1.2 4.00 75.00 79.00 NOTE
r-patched-linux-x86_64 0.1.2 2.94 64.62 67.56 NOTE
r-release-linux-x86_64 0.1.2 2.64 64.94 67.58 NOTE
r-release-macos-arm64 0.1.2 41.00 NOTE
r-release-windows-x86_64 0.1.2 5.00 76.00 81.00 NOTE
r-oldrel-macos-arm64 0.1.2 43.00 OK
r-oldrel-macos-x86_64 0.1.2 65.00 OK
r-oldrel-windows-x86_64 0.1.2 6.00 81.00 87.00 OK

Check Details

Version: 0.1.2
Check: Rd files
Result: NOTE checkRd: (-1) format_number.Rd:36: Lost braces in \itemize; meant \describe ? checkRd: (-1) format_number.Rd:37: Lost braces in \itemize; meant \describe ? checkRd: (-1) format_number.Rd:38: Lost braces in \itemize; meant \describe ? Flavors: r-devel-linux-x86_64-debian-clang, r-devel-linux-x86_64-debian-gcc, r-devel-linux-x86_64-fedora-clang, r-devel-linux-x86_64-fedora-gcc, r-devel-windows-x86_64, r-patched-linux-x86_64, r-release-linux-x86_64, r-release-macos-arm64, r-release-windows-x86_64