Last updated on 2025-01-17 06:49:30 CET.
Flavor | Version | Tinstall | Tcheck | Ttotal | Status | Flags |
---|---|---|---|---|---|---|
r-devel-linux-x86_64-debian-clang | 1.0.0 | 2.95 | 67.05 | 70.00 | OK | |
r-devel-linux-x86_64-debian-gcc | 1.0.0 | 2.02 | 47.34 | 49.36 | OK | |
r-devel-linux-x86_64-fedora-clang | 1.0.0 | 119.21 | OK | |||
r-devel-linux-x86_64-fedora-gcc | 1.0.0 | 166.44 | OK | |||
r-devel-windows-x86_64 | 1.0.0 | 5.00 | 96.00 | 101.00 | OK | |
r-patched-linux-x86_64 | 1.0.0 | 3.51 | 64.39 | 67.90 | NOTE | |
r-release-linux-x86_64 | 1.0.0 | 2.74 | 64.59 | 67.33 | NOTE | |
r-release-macos-arm64 | 1.0.0 | 98.00 | NOTE | |||
r-release-macos-x86_64 | 1.0.0 | 219.00 | NOTE | |||
r-release-windows-x86_64 | 1.0.0 | 6.00 | 98.00 | 104.00 | NOTE | |
r-oldrel-macos-arm64 | 1.0.0 | 93.00 | NOTE | |||
r-oldrel-macos-x86_64 | 1.0.0 | 219.00 | NOTE | |||
r-oldrel-windows-x86_64 | 1.0.0 | 6.00 | 103.00 | 109.00 | NOTE |
Version: 1.0.0
Check: package dependencies
Result: NOTE
Package suggested but not available for checking: ‘cmdstanr’
Flavors: r-patched-linux-x86_64, r-release-linux-x86_64, r-release-macos-arm64, r-release-macos-x86_64, r-release-windows-x86_64, r-oldrel-macos-arm64, r-oldrel-macos-x86_64, r-oldrel-windows-x86_64