CRAN Package Check Results for Package prism

Last updated on 2022-09-30 07:51:24 CEST.

Flavor Version Tinstall Tcheck Ttotal Status Flags
r-devel-linux-x86_64-debian-clang 0.2.0 37.20 314.58 351.78 NOTE
r-devel-linux-x86_64-debian-gcc 0.2.0 29.55 227.43 256.98 NOTE
r-devel-linux-x86_64-fedora-clang 0.2.0 423.86 NOTE
r-devel-linux-x86_64-fedora-gcc 0.2.0 408.73 NOTE
r-devel-windows-x86_64 0.2.0 76.00 292.00 368.00 NOTE
r-patched-linux-x86_64 0.2.0 27.14 292.59 319.73 NOTE
r-release-linux-x86_64 0.2.0 32.47 301.34 333.81 NOTE
r-release-macos-arm64 0.2.0 86.00 NOTE
r-release-macos-x86_64 0.2.0 156.00 NOTE
r-release-windows-x86_64 0.2.0 42.00 297.00 339.00 NOTE
r-oldrel-macos-arm64 0.2.0 50.00 NOTE
r-oldrel-macos-x86_64 0.2.0 86.00 NOTE
r-oldrel-windows-ix86+x86_64 0.2.0 71.00 295.00 366.00 NOTE

Check Details

Version: 0.2.0
Check: LazyData
Result: NOTE
     'LazyData' is specified without a 'data' directory
Flavors: r-devel-linux-x86_64-debian-clang, r-devel-linux-x86_64-debian-gcc, r-devel-linux-x86_64-fedora-clang, r-devel-linux-x86_64-fedora-gcc, r-devel-windows-x86_64, r-patched-linux-x86_64, r-release-linux-x86_64, r-release-macos-arm64, r-release-macos-x86_64, r-release-windows-x86_64, r-oldrel-macos-arm64, r-oldrel-macos-x86_64, r-oldrel-windows-ix86+x86_64

Version: 0.2.0
Check: dependencies in R code
Result: NOTE
    Namespace in Imports field not imported from: ‘lubridate’
     All declared Imports should be used.
Flavors: r-devel-linux-x86_64-fedora-clang, r-devel-linux-x86_64-fedora-gcc, r-release-macos-arm64, r-release-macos-x86_64, r-oldrel-macos-arm64, r-oldrel-macos-x86_64