CRAN Package Check Results for Package processx

Last updated on 2020-10-24 06:46:49 CEST.

Flavor Version Tinstall Tcheck Ttotal Status Flags
r-devel-linux-x86_64-debian-clang 3.4.4 11.27 52.85 64.12 ERROR
r-devel-linux-x86_64-debian-gcc 3.4.4 7.13 40.82 47.95 OK
r-devel-linux-x86_64-fedora-clang 3.4.4 81.88 OK
r-devel-linux-x86_64-fedora-gcc 3.4.4 73.67 OK
r-devel-windows-ix86+x86_64 3.4.4 73.00 130.00 203.00 OK
r-patched-linux-x86_64 3.4.4 9.34 50.84 60.18 OK
r-patched-solaris-x86 3.4.4 100.60 OK
r-release-linux-x86_64 3.4.4 8.53 50.47 59.00 OK
r-release-macos-x86_64 3.4.4 OK
r-release-windows-ix86+x86_64 3.4.4 58.00 104.00 162.00 OK
r-oldrel-macos-x86_64 3.4.4 OK
r-oldrel-windows-ix86+x86_64 3.4.4 53.00 120.00 173.00 OK

Check Details

Version: 3.4.4
Check: tests
Result: ERROR
     Running 'testthat.R' [24s/45s]
    Running the tests in 'tests/testthat.R' failed.
    Complete output:
     > library(testthat)
     > library(processx)
     >
     > Sys.setenv("R_TESTS" = "")
     >
     > test_check("processx", reporter = "summary")
     assertions: ........................................................................................................................................................................
     character IO: ...........
     Cleanup: ..
     client-lib: ............................................................
     Connections: ........
     environment: ..
     errors.R: .....................................................S.................SS...SSSS..
     errors: ..........
     extra connections: SSS
     io: ..................S..........
     kill_tree: SSSSSS.S
     polling connections: .........
     poll-curl: SSS
     poll stress test: S
     poll: ................
     poll multiple processes: ......................................................................................................
     poll connection: .........
     print: ..
     process: ..........
     ps methods: ..............
     pty: SSSS
     run: ......................................................................S.
     set std streams: ............................
     SIGCHLD handler interference: SSSSSSSS
     stdin: SSSSSS
     stress test: SSS
     WW12SSSutils: SS..........................................
     waiting on processes: S.......S
    
     == Skipped =====================================================================
     1. un-caught condition has trace (@test-err.R#69) - Reason: On CRAN
    
     2. trace when rethrowing (@test-err.R#150) - Reason: On CRAN
    
     3. rethrowing non rlib errors (@test-err.R#189) - Reason: On CRAN
    
     4. error trace from subprocess (@test-err.R#238) - Reason: On CRAN
    
     5. error trace from throw() in subprocess (@test-err.R#274) - Reason: On CRAN
    
     6. trace is not overwritten (@test-err.R#310) - Reason: On CRAN
    
     7. error is printed on error (@test-err.R#320) - Reason: On CRAN
    
     8. writing to extra connection (@test-extra-connections.R#6) - Reason: On CRAN
    
     9. reading from extra connection (@test-extra-connections.R#30) - Reason: On CRAN
    
     10. reading and writing to extra connection (@test-extra-connections.R#59) - Reason: On CRAN
    
     11. readChar on IO, windows (@test-io.R#135) - Reason: only run it on windows
    
     12. tree ids are inherited (@test-kill-tree.R#5) - Reason: On CRAN
    
     13. tree ids are inherited if env is specified (@test-kill-tree.R#35) - Reason: On CRAN
    
     14. kill_tree (@test-kill-tree.R#67) - Reason: On CRAN
    
     15. kill_tree with children (@test-kill-tree.R#85) - Reason: On CRAN
    
     16. kill_tree and orphaned children (@test-kill-tree.R#114) - Reason: On CRAN
    
     17. cleanup_tree option (@test-kill-tree.R#150) - Reason: On CRAN
    
     18. cleanup_tree stress test (@test-kill-tree.R#231) - Reason: On CRAN
    
     19. curl fds (@test-poll-curl.R#9) - Reason: On CRAN
    
     20. curl fds before others (@test-poll-curl.R#59) - Reason: On CRAN
    
     21. process fd before curl fd (@test-poll-curl.R#91) - Reason: On CRAN
    
     22. many processes (@test-poll-stress.R#5) - Reason: On CRAN
    
     23. fails in windows (@test-pty.R#5) - Reason: only run it on windows
    
     24. pty works (@test-pty.R#13) - Reason: On CRAN
    
     25. pty echo (@test-pty.R#33) - Reason: On CRAN
    
     26. read_output_lines() fails for pty (@test-pty.R#59) - Reason: On CRAN
    
     27. condition on interrupt (@test-run.R#101) - Reason: On CRAN
    
     28. is_alive() (@test-sigchld.R#6) - Reason: On CRAN
    
     29. finalizer (@test-sigchld.R#34) - Reason: On CRAN
    
     30. get_exit_status (@test-sigchld.R#60) - Reason: On CRAN
    
     31. signal (@test-sigchld.R#86) - Reason: On CRAN
    
     32. kill (@test-sigchld.R#119) - Reason: On CRAN
    
     33. SIGCHLD handler (@test-sigchld.R#149) - Reason: On CRAN
    
     34. Notify old signal handler (@test-sigchld.R#182) - Reason: On CRAN
    
     35. it is ok if parallel has no active cluster (@test-sigchld.R#220) - Reason: On CRAN
    
     36. stdin (@test-stdin.R#6) - Reason: On CRAN
    
     37. stdin & stdout (@test-stdin.R#28) - Reason: On CRAN
    
     38. stdin buffer full (@test-stdin.R#50) - Reason: On CRAN
    
     39. file as stdin (@test-stdin.R#66) - Reason: On CRAN
    
     40. large file as stdin (@test-stdin.R#85) - Reason: On CRAN
    
     41. writing raw (@test-stdin.R#103) - Reason: On CRAN
    
     42. can start 100 processes quickly (@test-stress.R#5) - Reason: On CRAN
    
     43. run() a lot of times, with small timeouts (@test-stress.R#12) - Reason: On CRAN
    
     44. run() and kill while polling (@test-stress.R#27) - Reason: On CRAN
    
     45. UTF-8 argument (@test-utf8.R#42) - Reason: only run it on windows
    
     46. native program name is converted to UTF-8 (@test-utf8.R#52) - Reason: only run it on windows
    
     47. native args are converted to UTF-8 (@test-utf8.R#62) - Reason: only run it on windows
    
     48. full_path gives correct values (@test-utils.R#5) - Reason: On CRAN
    
     49. full_path gives correct values, windows (@test-utils.R#41) - Reason: only run it on windows
    
     50. no deadlock when no stdout + wait (@test-wait.R#6) - Reason: failure would freeze
    
     51. no fd leak on unix (@test-wait.R#50) - Reason: On CRAN
    
     == Warnings ====================================================================
     1. UTF-8 executable name (@test-utf8.R#6) - unable to translate './úáö<U+0151>é.exe' to native encoding
    
     2. UTF-8 executable name (@test-utf8.R#6) - unable to translate './úáö<U+0151>é.exe' to native encoding
    
     == Failed ======================================================================
     -- 1. Error: UTF-8 executable name (@test-utf8.R#6) ---------------------------
     unable to translate './úáö<U+0151>é.exe' to native encoding
     Backtrace:
     1. base::file.copy(px, name) test-utf8.R:6:2
     2. base::file.create(to[okay])
    
     -- 2. Error: UTF-8 directory name (@test-utf8.R#23) ---------------------------
     unable to translate './úáö<U+0151>é.exe' to native encoding
     Backtrace:
     1. base::dir.create(name) test-utf8.R:23:4
    
     == DONE ========================================================================
     Error: Test failures
     Execution halted
Flavor: r-devel-linux-x86_64-debian-clang