CRAN Package Check Results for Package productivity

Last updated on 2024-02-24 06:50:46 CET.

Flavor Version Tinstall Tcheck Ttotal Status Flags
r-devel-linux-x86_64-debian-clang 1.1.0 10.00 65.14 75.14 NOTE
r-devel-linux-x86_64-debian-gcc 1.1.0 8.57 48.77 57.34 NOTE
r-devel-linux-x86_64-fedora-clang 1.1.0 99.03 OK
r-devel-linux-x86_64-fedora-gcc 1.1.0 90.70 OK
r-devel-windows-x86_64 1.1.0 11.00 64.00 75.00 OK
r-patched-linux-x86_64 1.1.0 12.44 63.88 76.32 OK
r-release-linux-x86_64 1.1.0 10.51 63.26 73.77 OK
r-release-macos-arm64 1.1.0 27.00 OK
r-release-macos-x86_64 1.1.0 44.00 OK
r-release-windows-x86_64 1.1.0 14.00 73.00 87.00 OK
r-oldrel-macos-arm64 1.1.0 26.00 OK
r-oldrel-windows-x86_64 1.1.0 14.00 73.00 87.00 OK

Check Details

Version: 1.1.0
Check: Rd files
Result: NOTE checkRd: (-1) paasche.Rd:91: Lost braces 91 | \code{OSME} \tab Output-oriented scale-mix efficiency score \emph{(code{orientation = "out"})}\cr | ^ Flavors: r-devel-linux-x86_64-debian-clang, r-devel-linux-x86_64-debian-gcc