CRAN Package Check Results for Package prototest

Last updated on 2021-01-16 06:51:19 CET.

Flavor Version Tinstall Tcheck Ttotal Status Flags
r-devel-linux-x86_64-debian-clang 1.2 84.61 95.28 179.89 OK
r-devel-linux-x86_64-debian-gcc 1.2 57.57 72.82 130.39 OK
r-devel-linux-x86_64-fedora-clang 1.2 242.56 NOTE
r-devel-linux-x86_64-fedora-gcc 1.2 221.07 NOTE
r-devel-windows-ix86+x86_64 1.2 135.00 148.00 283.00 OK
r-patched-linux-x86_64 1.2 64.95 88.36 153.31 OK
r-patched-solaris-x86 1.2 247.50 OK
r-release-linux-x86_64 1.2 64.11 90.05 154.16 OK
r-release-macos-x86_64 1.2 OK
r-release-windows-ix86+x86_64 1.2 189.00 146.00 335.00 OK
r-oldrel-macos-x86_64 1.2 OK
r-oldrel-windows-ix86+x86_64 1.2 163.00 117.00 280.00 OK

Check Details

Version: 1.2
Check: compiled code
Result: NOTE
    File ‘prototest/libs/prototest.so’:
     Found no calls to: ‘R_registerRoutines’, ‘R_useDynamicSymbols’
    
    It is good practice to register native routines and to disable symbol
    search.
    
    See ‘Writing portable packages’ in the ‘Writing R Extensions’ manual.
Flavors: r-devel-linux-x86_64-fedora-clang, r-devel-linux-x86_64-fedora-gcc