CRAN Package Check Results for Package provGraphR

Last updated on 2022-05-24 06:50:49 CEST.

Flavor Version Tinstall Tcheck Ttotal Status Flags
r-devel-linux-x86_64-debian-clang 1.0 9.25 77.59 86.84 NOTE
r-devel-linux-x86_64-debian-gcc 1.0 7.34 60.26 67.60 NOTE
r-devel-linux-x86_64-fedora-clang 1.0 103.04 NOTE
r-devel-linux-x86_64-fedora-gcc 1.0 92.62 NOTE
r-devel-windows-x86_64 1.0 27.00 94.00 121.00 NOTE
r-patched-linux-x86_64 1.0 8.51 73.47 81.98 NOTE
r-release-linux-x86_64 1.0 NOTE
r-release-macos-arm64 1.0 31.00 NOTE
r-release-macos-x86_64 1.0 45.00 NOTE
r-release-windows-x86_64 1.0 22.00 102.00 124.00 NOTE
r-oldrel-macos-arm64 1.0 38.00 NOTE
r-oldrel-macos-x86_64 1.0 58.00 NOTE
r-oldrel-windows-ix86+x86_64 1.0 18.00 85.00 103.00 NOTE

Check Details

Version: 1.0
Check: LazyData
Result: NOTE
     'LazyData' is specified without a 'data' directory
Flavors: r-devel-linux-x86_64-debian-clang, r-devel-linux-x86_64-debian-gcc, r-devel-linux-x86_64-fedora-clang, r-devel-linux-x86_64-fedora-gcc, r-devel-windows-x86_64, r-patched-linux-x86_64, r-release-linux-x86_64, r-release-macos-arm64, r-release-macos-x86_64, r-release-windows-x86_64, r-oldrel-macos-arm64, r-oldrel-macos-x86_64, r-oldrel-windows-ix86+x86_64