Last updated on 2021-01-16 06:51:19 CET.
Flavor | Version | Tinstall | Tcheck | Ttotal | Status | Flags |
---|---|---|---|---|---|---|
r-devel-linux-x86_64-debian-clang | 1.4.2 | 1.94 | 25.78 | 27.72 | NOTE | |
r-devel-linux-x86_64-debian-gcc | 1.4.2 | 1.74 | 20.98 | 22.72 | NOTE | |
r-devel-linux-x86_64-fedora-clang | 1.4.2 | 45.30 | NOTE | |||
r-devel-linux-x86_64-fedora-gcc | 1.4.2 | 43.28 | NOTE | |||
r-devel-windows-ix86+x86_64 | 1.4.2 | 4.00 | 34.00 | 38.00 | NOTE | |
r-patched-linux-x86_64 | 1.4.2 | 2.06 | 25.89 | 27.95 | NOTE | |
r-patched-solaris-x86 | 1.4.2 | 51.10 | NOTE | |||
r-release-linux-x86_64 | 1.4.2 | 2.05 | 25.73 | 27.78 | NOTE | |
r-release-macos-x86_64 | 1.4.2 | NOTE | ||||
r-release-windows-ix86+x86_64 | 1.4.2 | 4.00 | 35.00 | 39.00 | NOTE | |
r-oldrel-macos-x86_64 | 1.4.2 | NOTE | ||||
r-oldrel-windows-ix86+x86_64 | 1.4.2 | 4.00 | 30.00 | 34.00 | NOTE |
Version: 1.4.2
Check: package dependencies
Result: NOTE
Package suggested but not available for checking: 'rdt'
Flavors: r-devel-linux-x86_64-debian-clang, r-devel-linux-x86_64-debian-gcc, r-devel-linux-x86_64-fedora-clang, r-devel-linux-x86_64-fedora-gcc, r-devel-windows-ix86+x86_64, r-patched-linux-x86_64, r-patched-solaris-x86, r-release-linux-x86_64, r-release-macos-x86_64, r-release-windows-ix86+x86_64, r-oldrel-macos-x86_64, r-oldrel-windows-ix86+x86_64