CRAN Package Check Results for Package provTraceR

Last updated on 2022-01-21 07:52:43 CET.

Flavor Version Tinstall Tcheck Ttotal Status Flags
r-devel-linux-x86_64-debian-clang 1.0 NOTE
r-devel-linux-x86_64-debian-gcc 1.0 2.06 27.18 29.24 NOTE
r-devel-linux-x86_64-fedora-clang 1.0 46.05 NOTE
r-devel-linux-x86_64-fedora-gcc 1.0 33.65 NOTE
r-devel-windows-x86_64-new-UL 1.0 43.00 58.00 101.00 NOTE
r-devel-windows-x86_64-new-TK 1.0 NOTE
r-patched-linux-x86_64 1.0 2.45 33.20 35.65 NOTE
r-release-linux-x86_64 1.0 2.42 32.58 35.00 NOTE
r-release-macos-arm64 1.0 NOTE
r-release-macos-x86_64 1.0 NOTE
r-release-windows-ix86+x86_64 1.0 6.00 43.00 49.00 NOTE
r-oldrel-macos-x86_64 1.0 NOTE
r-oldrel-windows-ix86+x86_64 1.0 6.00 43.00 49.00 NOTE

Check Details

Version: 1.0
Check: package dependencies
Result: NOTE
    Package suggested but not available for checking: 'rdt'
Flavors: r-devel-linux-x86_64-debian-clang, r-devel-linux-x86_64-debian-gcc, r-devel-linux-x86_64-fedora-clang, r-devel-linux-x86_64-fedora-gcc, r-devel-windows-x86_64-new-UL, r-devel-windows-x86_64-new-TK, r-patched-linux-x86_64, r-release-linux-x86_64, r-release-macos-arm64, r-release-macos-x86_64, r-release-windows-ix86+x86_64, r-oldrel-macos-x86_64, r-oldrel-windows-ix86+x86_64

Version: 1.0
Check: LazyData
Result: NOTE
     'LazyData' is specified without a 'data' directory
Flavors: r-devel-linux-x86_64-debian-clang, r-devel-linux-x86_64-debian-gcc, r-devel-linux-x86_64-fedora-clang, r-devel-linux-x86_64-fedora-gcc, r-devel-windows-x86_64-new-UL, r-devel-windows-x86_64-new-TK, r-patched-linux-x86_64, r-release-linux-x86_64, r-release-macos-arm64, r-release-macos-x86_64, r-release-windows-ix86+x86_64