CRAN Package Check Results for Package pseval

Last updated on 2022-01-25 06:48:45 CET.

Flavor Version Tinstall Tcheck Ttotal Status Flags
r-devel-linux-x86_64-debian-clang 1.3.1 4.79 196.65 201.44 NOTE
r-devel-linux-x86_64-debian-gcc 1.3.1 3.81 141.21 145.02 NOTE
r-devel-linux-x86_64-fedora-clang 1.3.1 228.16 NOTE
r-devel-linux-x86_64-fedora-gcc 1.3.1 221.30 NOTE
r-devel-windows-x86_64-new-UL 1.3.1 42.00 219.00 261.00 NOTE
r-devel-windows-x86_64-new-TK 1.3.1 NOTE
r-patched-linux-x86_64 1.3.1 4.13 183.48 187.61 NOTE
r-release-linux-x86_64 1.3.1 3.85 186.49 190.34 NOTE
r-release-macos-arm64 1.3.1 NOTE
r-release-macos-x86_64 1.3.1 NOTE
r-release-windows-ix86+x86_64 1.3.1 8.00 224.00 232.00 NOTE
r-oldrel-macos-x86_64 1.3.1 OK
r-oldrel-windows-ix86+x86_64 1.3.1 8.00 226.00 234.00 OK

Check Details

Version: 1.3.1
Check: LazyData
Result: NOTE
     'LazyData' is specified without a 'data' directory
Flavors: r-devel-linux-x86_64-debian-clang, r-devel-linux-x86_64-debian-gcc, r-devel-linux-x86_64-fedora-clang, r-devel-linux-x86_64-fedora-gcc, r-devel-windows-x86_64-new-UL, r-devel-windows-x86_64-new-TK, r-patched-linux-x86_64, r-release-linux-x86_64, r-release-macos-arm64, r-release-macos-x86_64, r-release-windows-ix86+x86_64