CRAN Package Check Results for Package psgp

Last updated on 2020-10-20 06:46:54 CEST.

Flavor Version Tinstall Tcheck Ttotal Status Flags
r-devel-linux-x86_64-debian-clang 0.3-19 274.95 65.93 340.88 OK
r-devel-linux-x86_64-debian-gcc 0.3-19 204.10 50.90 255.00 OK
r-devel-linux-x86_64-fedora-clang 0.3-19 514.14 NOTE
r-devel-linux-x86_64-fedora-gcc 0.3-19 446.83 OK
r-devel-windows-ix86+x86_64 0.3-19 469.00 102.00 571.00 OK
r-patched-linux-x86_64 0.3-19 254.99 61.74 316.73 OK
r-patched-solaris-x86 0.3-19 412.10 OK
r-release-linux-x86_64 0.3-19 244.57 61.90 306.47 OK
r-release-macos-x86_64 0.3-19 NOTE
r-release-windows-ix86+x86_64 0.3-19 495.00 100.00 595.00 OK
r-oldrel-macos-x86_64 0.3-19 NOTE
r-oldrel-windows-ix86+x86_64 0.3-19 437.00 94.00 531.00 OK

Check Details

Version: 0.3-19
Check: installed package size
Result: NOTE
     installed size is 8.9Mb
     sub-directories of 1Mb or more:
     libs 8.8Mb
Flavors: r-devel-linux-x86_64-fedora-clang, r-release-macos-x86_64, r-oldrel-macos-x86_64