CRAN Package Check Results for Package pspearman

Last updated on 2022-08-17 06:51:25 CEST.

Flavor Version Tinstall Tcheck Ttotal Status Flags
r-devel-linux-x86_64-debian-clang 0.3-1 2.86 21.24 24.10 OK
r-devel-linux-x86_64-debian-gcc 0.3-1 OK
r-devel-linux-x86_64-fedora-clang 0.3-1 40.33 NOTE
r-devel-linux-x86_64-fedora-gcc 0.3-1 38.90 NOTE
r-devel-windows-x86_64 0.3-1 12.00 44.00 56.00 OK
r-patched-linux-x86_64 0.3-1 1.81 20.89 22.70 OK
r-release-linux-x86_64 0.3-1 2.42 21.29 23.71 OK
r-release-macos-arm64 0.3-1 13.00 OK
r-release-macos-x86_64 0.3-1 21.00 OK
r-release-windows-x86_64 0.3-1 9.00 43.00 52.00 OK
r-oldrel-macos-arm64 0.3-1 12.00 OK
r-oldrel-macos-x86_64 0.3-1 20.00 OK
r-oldrel-windows-ix86+x86_64 0.3-1 8.00 54.00 62.00 OK

Check Details

Version: 0.3-1
Check: compiled code
Result: NOTE
    File ‘pspearman/libs/pspearman.so’:
     Found no calls to: ‘R_registerRoutines’, ‘R_useDynamicSymbols’
    
    It is good practice to register native routines and to disable symbol
    search.
    
    See ‘Writing portable packages’ in the ‘Writing R Extensions’ manual.
Flavors: r-devel-linux-x86_64-fedora-clang, r-devel-linux-x86_64-fedora-gcc