CRAN Package Check Results for Package psycModel

Last updated on 2021-12-05 06:48:51 CET.

Flavor Version Tinstall Tcheck Ttotal Status Flags
r-devel-linux-x86_64-debian-clang 0.3.2 7.15 231.74 238.89 OK
r-devel-linux-x86_64-debian-gcc 0.3.2 5.92 167.75 173.67 OK
r-devel-linux-x86_64-fedora-clang 0.3.2 278.72 NOTE
r-devel-linux-x86_64-fedora-gcc 0.3.2 268.00 NOTE
r-devel-windows-x86_64-new-UL 0.3.2 19.00 297.00 316.00 OK
r-devel-windows-x86_64-new-TK 0.3.2 NOTE
r-devel-windows-x86_64-old 0.3.2 13.00 208.00 221.00 OK
r-patched-linux-x86_64 0.3.2 7.56 207.80 215.36 OK
r-release-linux-x86_64 0.3.2 7.79 215.48 223.27 OK
r-release-macos-arm64 0.3.2 NOTE
r-release-macos-x86_64 0.3.2 NOTE
r-release-windows-ix86+x86_64 0.3.2 16.00 271.00 287.00 OK
r-oldrel-macos-x86_64 0.3.2 NOTE
r-oldrel-windows-ix86+x86_64 0.3.2 17.00 269.00 286.00 OK

Check Details

Version: 0.3.2
Check: dependencies in R code
Result: NOTE
    Namespaces in Imports field not imported from:
     ‘lifecycle’ ‘patchwork’
     All declared Imports should be used.
Flavors: r-devel-linux-x86_64-fedora-clang, r-devel-linux-x86_64-fedora-gcc, r-devel-windows-x86_64-new-TK, r-release-macos-arm64, r-release-macos-x86_64, r-oldrel-macos-x86_64