CRAN Package Check Results for Package pubh

Last updated on 2021-01-28 06:50:02 CET.

Flavor Version Tinstall Tcheck Ttotal Status Flags
r-devel-linux-x86_64-debian-clang 1.1.19 10.39 203.22 213.61 OK
r-devel-linux-x86_64-debian-gcc 1.1.19 7.94 146.31 154.25 OK
r-devel-linux-x86_64-fedora-clang 1.1.19 264.56 NOTE
r-devel-linux-x86_64-fedora-gcc 1.1.19 253.87 NOTE
r-devel-windows-ix86+x86_64 1.1.19 32.00 234.00 266.00 OK
r-patched-linux-x86_64 1.1.19 7.84 185.75 193.59 OK
r-patched-solaris-x86 1.1.19 347.70 NOTE
r-release-linux-x86_64 1.1.19 10.85 195.07 205.92 OK
r-release-macos-x86_64 1.1.19 NOTE
r-release-windows-ix86+x86_64 1.1.19 32.00 190.00 222.00 OK
r-oldrel-macos-x86_64 1.1.19 ERROR

Check Details

Version: 1.1.19
Check: dependencies in R code
Result: NOTE
    Namespace in Imports field not imported from: ‘Hmisc’
     All declared Imports should be used.
Flavors: r-devel-linux-x86_64-fedora-clang, r-devel-linux-x86_64-fedora-gcc, r-patched-solaris-x86, r-release-macos-x86_64

Version: 1.1.19
Check: whether package can be installed
Result: ERROR
    Installation failed.
Flavor: r-oldrel-macos-x86_64