CRAN Package Check Results for Package purge

Last updated on 2024-02-24 06:50:46 CET.

Flavor Version Tinstall Tcheck Ttotal Status Flags
r-devel-linux-x86_64-debian-clang 0.2.1 2.12 31.29 33.41 NOTE
r-devel-linux-x86_64-debian-gcc 0.2.1 1.78 24.36 26.14 NOTE
r-devel-linux-x86_64-fedora-clang 0.2.1 41.99 NOTE
r-devel-linux-x86_64-fedora-gcc 0.2.1 40.71 NOTE
r-devel-windows-x86_64 0.2.1 2.00 46.00 48.00 NOTE
r-patched-linux-x86_64 0.2.1 2.27 32.24 34.51 NOTE
r-release-linux-x86_64 0.2.1 1.98 31.22 33.20 NOTE
r-release-macos-arm64 0.2.1 20.00 NOTE
r-release-macos-x86_64 0.2.1 27.00 NOTE
r-release-windows-x86_64 0.2.1 2.00 46.00 48.00 NOTE
r-oldrel-macos-arm64 0.2.1 27.00 NOTE
r-oldrel-windows-x86_64 0.2.1 3.00 52.00 55.00 NOTE

Check Details

Version: 0.2.1
Check: LazyData
Result: NOTE 'LazyData' is specified without a 'data' directory Flavors: r-devel-linux-x86_64-debian-clang, r-devel-linux-x86_64-debian-gcc, r-devel-linux-x86_64-fedora-clang, r-devel-linux-x86_64-fedora-gcc, r-devel-windows-x86_64, r-patched-linux-x86_64, r-release-linux-x86_64, r-release-macos-arm64, r-release-macos-x86_64, r-release-windows-x86_64, r-oldrel-macos-arm64, r-oldrel-windows-x86_64