CRAN Package Check Results for Package purgeR

Last updated on 2021-12-05 06:48:51 CET.

Flavor Version Tinstall Tcheck Ttotal Status Flags
r-devel-linux-x86_64-debian-clang 1.3 89.70 189.93 279.63 OK
r-devel-linux-x86_64-debian-gcc 1.3 60.18 159.56 219.74 OK
r-devel-linux-x86_64-fedora-clang 1.3 362.78 NOTE
r-devel-linux-x86_64-fedora-gcc 1.3 354.39 NOTE
r-devel-windows-x86_64-new-UL 1.3 122.00 278.00 400.00 OK
r-devel-windows-x86_64-new-TK 1.3 NOTE
r-devel-windows-x86_64-old 1.3 119.00 190.00 309.00 OK
r-patched-linux-x86_64 1.3 83.36 159.00 242.36 OK
r-release-linux-x86_64 1.3 78.31 164.59 242.90 OK
r-release-macos-arm64 1.3 NOTE
r-release-macos-x86_64 1.3 NOTE
r-release-windows-ix86+x86_64 1.3 226.00 246.00 472.00 OK
r-oldrel-macos-x86_64 1.3 NOTE
r-oldrel-windows-ix86+x86_64 1.3 227.00 255.00 482.00 OK

Check Details

Version: 1.3
Check: dependencies in R code
Result: NOTE
    Namespace in Imports field not imported from: ‘RcppProgress’
     All declared Imports should be used.
Flavors: r-devel-linux-x86_64-fedora-clang, r-devel-linux-x86_64-fedora-gcc, r-devel-windows-x86_64-new-TK, r-release-macos-arm64, r-release-macos-x86_64, r-oldrel-macos-x86_64

Version: 1.3
Check: installed package size
Result: NOTE
     installed size is 5.2Mb
     sub-directories of 1Mb or more:
     libs 4.5Mb
Flavor: r-release-macos-arm64