CRAN Package Check Results for Package purrr

Last updated on 2021-12-02 06:49:15 CET.

Flavor Version Tinstall Tcheck Ttotal Status Flags
r-devel-linux-x86_64-debian-clang 0.3.4 7.14 50.78 57.92 NOTE
r-devel-linux-x86_64-debian-gcc 0.3.4 5.37 38.23 43.60 NOTE
r-devel-linux-x86_64-fedora-clang 0.3.4 80.69 NOTE
r-devel-linux-x86_64-fedora-gcc 0.3.4 70.69 NOTE
r-devel-windows-x86_64-new-UL 0.3.4 26.00 104.00 130.00 NOTE
r-devel-windows-x86_64-new-TK 0.3.4 NOTE
r-devel-windows-x86_64-old 0.3.4 13.00 59.00 72.00 NOTE
r-patched-linux-x86_64 0.3.4 6.90 48.24 55.14 NOTE
r-patched-solaris-x86 0.3.4 96.80 NOTE
r-release-linux-x86_64 0.3.4 6.99 47.86 54.85 NOTE
r-release-macos-arm64 0.3.4 NOTE
r-release-macos-x86_64 0.3.4 WARN
r-release-windows-ix86+x86_64 0.3.4 21.00 98.00 119.00 NOTE
r-oldrel-macos-x86_64 0.3.4 OK
r-oldrel-windows-ix86+x86_64 0.3.4 20.00 103.00 123.00 OK

Check Details

Version: 0.3.4
Check: LazyData
Result: NOTE
     'LazyData' is specified without a 'data' directory
Flavors: r-devel-linux-x86_64-debian-clang, r-devel-linux-x86_64-debian-gcc, r-devel-linux-x86_64-fedora-clang, r-devel-linux-x86_64-fedora-gcc, r-devel-windows-x86_64-new-UL, r-devel-windows-x86_64-new-TK, r-devel-windows-x86_64-old, r-patched-linux-x86_64, r-patched-solaris-x86, r-release-linux-x86_64, r-release-macos-arm64, r-release-macos-x86_64, r-release-windows-ix86+x86_64

Version: 0.3.4
Check: Rd cross-references
Result: NOTE
    Undeclared packages ‘vctrs’, ‘httr’ in Rd xrefs
Flavor: r-devel-linux-x86_64-fedora-clang

Version: 0.3.4
Check: re-building of vignette outputs
Result: WARN
    Error(s) in re-building vignettes:
     ...
    --- re-building ‘other-langs.Rmd’ using rmarkdown
    Warning in engine$weave(file, quiet = quiet, encoding = enc) :
     Pandoc (>= 1.12.3) not available. Falling back to R Markdown v1.
    Error: processing vignette 'other-langs.Rmd' failed with diagnostics:
    there is no package called 'stringi'
    --- failed re-building ‘other-langs.Rmd’
    
    SUMMARY: processing the following file failed:
     ‘other-langs.Rmd’
    
    Error: Vignette re-building failed.
    Execution halted
Flavor: r-release-macos-x86_64