CRAN Package Check Results for Package purrr

Last updated on 2020-11-30 06:47:31 CET.

Flavor Version Tinstall Tcheck Ttotal Status Flags
r-devel-linux-x86_64-debian-clang 0.3.4 8.75 51.59 60.34 OK
r-devel-linux-x86_64-debian-gcc 0.3.4 6.23 40.71 46.94 OK
r-devel-linux-x86_64-fedora-clang 0.3.4 75.34 NOTE
r-devel-linux-x86_64-fedora-gcc 0.3.4 66.86 OK
r-devel-windows-ix86+x86_64 0.3.4 19.00 72.00 91.00 OK
r-patched-linux-x86_64 0.3.4 9.25 51.55 60.80 OK
r-patched-solaris-x86 0.3.4 91.20 OK
r-release-linux-x86_64 0.3.4 8.97 55.06 64.03 OK
r-release-macos-x86_64 0.3.4 OK
r-release-windows-ix86+x86_64 0.3.4 20.00 78.00 98.00 OK
r-oldrel-macos-x86_64 0.3.4 OK
r-oldrel-windows-ix86+x86_64 0.3.4 19.00 96.00 115.00 OK

Check Details

Version: 0.3.4
Check: Rd cross-references
Result: NOTE
    Undeclared packages ‘vctrs’, ‘httr’ in Rd xrefs
Flavor: r-devel-linux-x86_64-fedora-clang