CRAN Package Check Results for Package purrr

Last updated on 2021-03-08 06:47:42 CET.

Flavor Version Tinstall Tcheck Ttotal Status Flags
r-devel-linux-x86_64-debian-clang 0.3.4 7.03 50.90 57.93 OK
r-devel-linux-x86_64-debian-gcc 0.3.4 5.41 38.44 43.85 OK
r-devel-linux-x86_64-fedora-clang 0.3.4 78.07 NOTE
r-devel-linux-x86_64-fedora-gcc 0.3.4 67.85 OK
r-devel-windows-ix86+x86_64 0.3.4 20.00 78.00 98.00 OK
r-devel-windows-x86_64-gcc10-UCRT 0.3.4 OK
r-patched-linux-x86_64 0.3.4 6.83 49.34 56.17 OK
r-patched-solaris-x86 0.3.4 93.50 OK
r-release-linux-x86_64 0.3.4 6.42 49.56 55.98 OK
r-release-macos-x86_64 0.3.4 OK
r-release-windows-ix86+x86_64 0.3.4 18.00 75.00 93.00 OK
r-oldrel-macos-x86_64 0.3.4 OK
r-oldrel-windows-ix86+x86_64 0.3.4 16.00 74.00 90.00 OK

Check Details

Version: 0.3.4
Check: Rd cross-references
Result: NOTE
    Undeclared packages ‘vctrs’, ‘httr’ in Rd xrefs
Flavor: r-devel-linux-x86_64-fedora-clang