CRAN Package Check Results for Package puzzle

Last updated on 2022-09-27 07:50:51 CEST.

Flavor Version Tinstall Tcheck Ttotal Status Flags
r-devel-linux-x86_64-debian-clang 0.0.1 3.77 32.71 36.48 OK
r-devel-linux-x86_64-debian-gcc 0.0.1 3.21 24.89 28.10 OK
r-devel-linux-x86_64-fedora-clang 0.0.1 57.43 NOTE
r-devel-linux-x86_64-fedora-gcc 0.0.1 53.97 NOTE
r-devel-windows-x86_64 0.0.1 26.00 62.00 88.00 OK
r-patched-linux-x86_64 0.0.1 2.94 31.15 34.09 OK
r-release-linux-x86_64 0.0.1 3.51 30.14 33.65 OK
r-release-macos-arm64 0.0.1 17.00 NOTE
r-release-macos-x86_64 0.0.1 31.00 NOTE
r-release-windows-x86_64 0.0.1 13.00 57.00 70.00 OK
r-oldrel-macos-arm64 0.0.1 22.00 NOTE
r-oldrel-macos-x86_64 0.0.1 28.00 NOTE
r-oldrel-windows-ix86+x86_64 0.0.1 11.00 60.00 71.00 OK

Check Details

Version: 0.0.1
Check: dependencies in R code
Result: NOTE
    Namespaces in Imports field not imported from:
     ‘kableExtra’ ‘readr’ ‘tidyverse’
     All declared Imports should be used.
Flavors: r-devel-linux-x86_64-fedora-clang, r-devel-linux-x86_64-fedora-gcc, r-release-macos-arm64, r-release-macos-x86_64, r-oldrel-macos-arm64, r-oldrel-macos-x86_64