CRAN Package Check Results for Package pwt

Last updated on 2022-08-17 06:51:25 CEST.

Flavor Version Tinstall Tcheck Ttotal Status Flags
r-devel-linux-x86_64-debian-clang 7.1-1 7.83 26.47 34.30 OK
r-devel-linux-x86_64-debian-gcc 7.1-1 OK
r-devel-linux-x86_64-fedora-clang 7.1-1 55.37 NOTE
r-devel-linux-x86_64-fedora-gcc 7.1-1 53.53 OK
r-devel-windows-x86_64 7.1-1 17.00 53.00 70.00 NOTE
r-patched-linux-x86_64 7.1-1 9.59 25.96 35.55 OK
r-release-linux-x86_64 7.1-1 7.35 26.10 33.45 OK
r-release-macos-arm64 7.1-1 20.00 NOTE
r-release-macos-x86_64 7.1-1 28.00 NOTE
r-release-windows-x86_64 7.1-1 17.00 53.00 70.00 NOTE
r-oldrel-macos-arm64 7.1-1 31.00 NOTE
r-oldrel-macos-x86_64 7.1-1 39.00 NOTE
r-oldrel-windows-ix86+x86_64 7.1-1 14.00 32.00 46.00 NOTE

Check Details

Version: 7.1-1
Check: installed package size
Result: NOTE
     installed size is 7.3Mb
     sub-directories of 1Mb or more:
     data 7.2Mb
Flavors: r-devel-linux-x86_64-fedora-clang, r-devel-windows-x86_64, r-release-macos-arm64, r-release-macos-x86_64, r-release-windows-x86_64, r-oldrel-macos-arm64, r-oldrel-macos-x86_64, r-oldrel-windows-ix86+x86_64