CRAN Package Check Results for Package qs

Last updated on 2021-06-13 06:49:59 CEST.

Flavor Version Tinstall Tcheck Ttotal Status Flags
r-devel-linux-x86_64-debian-clang 0.24.1 69.58 36.62 106.20 OK
r-devel-linux-x86_64-debian-gcc 0.24.1 52.48 29.34 81.82 OK
r-devel-linux-x86_64-fedora-clang 0.24.1 145.95 NOTE
r-devel-linux-x86_64-fedora-gcc 0.24.1 146.95 OK
r-devel-windows-x86_64 0.24.1 119.00 72.00 191.00 OK
r-devel-windows-x86_64-gcc10-UCRT 0.24.1 OK
r-patched-linux-x86_64 0.24.1 55.67 36.41 92.08 OK
r-patched-solaris-x86 0.24.1 176.60 OK
r-release-linux-x86_64 0.24.1 58.22 36.40 94.62 OK
r-release-macos-arm64 0.24.1 NOTE
r-release-macos-x86_64 0.24.1 NOTE
r-release-windows-ix86+x86_64 0.24.1 181.00 95.00 276.00 NOTE
r-oldrel-macos-x86_64 0.24.1 NOTE
r-oldrel-windows-ix86+x86_64 0.24.1 177.00 96.00 273.00 NOTE

Check Details

Version: 0.24.1
Check: installed package size
Result: NOTE
     installed size is 7.5Mb
     sub-directories of 1Mb or more:
     doc 1.1Mb
     libs 6.1Mb
Flavors: r-devel-linux-x86_64-fedora-clang, r-release-macos-arm64, r-release-macos-x86_64, r-release-windows-ix86+x86_64, r-oldrel-macos-x86_64, r-oldrel-windows-ix86+x86_64