Last updated on 2022-05-20 06:51:05 CEST.
Flavor | Version | Tinstall | Tcheck | Ttotal | Status | Flags |
---|---|---|---|---|---|---|
r-devel-linux-x86_64-debian-clang | 1.50 | 88.19 | 406.46 | 494.65 | OK | |
r-devel-linux-x86_64-debian-gcc | 1.50 | 68.44 | 295.42 | 363.86 | OK | |
r-devel-linux-x86_64-fedora-clang | 1.50 | 581.79 | NOTE | |||
r-devel-linux-x86_64-fedora-gcc | 1.50 | 567.71 | OK | |||
r-devel-windows-x86_64 | 1.50 | 282.00 | 414.00 | 696.00 | NOTE | |
r-patched-linux-x86_64 | 1.50 | 87.15 | 387.66 | 474.81 | OK | |
r-release-linux-x86_64 | 1.50 | 82.12 | 384.96 | 467.08 | OK | |
r-release-macos-arm64 | 1.50 | 137.00 | NOTE | |||
r-release-macos-x86_64 | 1.50 | 198.00 | NOTE | |||
r-release-windows-x86_64 | 1.50 | 292.00 | 424.00 | 716.00 | NOTE | |
r-oldrel-macos-arm64 | 1.50 | 151.00 | NOTE | |||
r-oldrel-macos-x86_64 | 1.50 | 192.00 | NOTE | |||
r-oldrel-windows-ix86+x86_64 | 1.50 | 192.00 | 594.00 | 786.00 | NOTE |
Version: 1.50
Check: installed package size
Result: NOTE
installed size is 11.4Mb
sub-directories of 1Mb or more:
R 1.7Mb
contrib 3.8Mb
doc 3.0Mb
libs 1.4Mb
Flavors: r-devel-linux-x86_64-fedora-clang, r-devel-windows-x86_64, r-release-macos-arm64, r-release-macos-x86_64, r-release-windows-x86_64, r-oldrel-macos-arm64, r-oldrel-macos-x86_64, r-oldrel-windows-ix86+x86_64