CRAN Package Check Results for Package quadrupen

Last updated on 2020-10-26 05:46:49 CET.

Flavor Version Tinstall Tcheck Ttotal Status Flags
r-devel-linux-x86_64-debian-clang 0.2-7 118.51 93.36 211.87 WARN
r-devel-linux-x86_64-debian-gcc 0.2-7 93.03 71.69 164.72 WARN
r-devel-linux-x86_64-fedora-clang 0.2-7 296.83 WARN
r-devel-linux-x86_64-fedora-gcc 0.2-7 279.86 WARN
r-devel-windows-ix86+x86_64 0.2-7 283.00 160.00 443.00 OK
r-patched-linux-x86_64 0.2-7 118.04 84.40 202.44 WARN
r-patched-solaris-x86 0.2-7 273.30 WARN
r-release-linux-x86_64 0.2-7 117.05 83.60 200.65 WARN
r-release-macos-x86_64 0.2-7 NOTE
r-release-windows-ix86+x86_64 0.2-7 202.00 122.00 324.00 WARN
r-oldrel-macos-x86_64 0.2-7 NOTE
r-oldrel-windows-ix86+x86_64 0.2-7 251.00 109.00 360.00 OK

Check Details

Version: 0.2-7
Check: whether package can be installed
Result: WARN
    Found the following significant warnings:
     utils.cpp:32:9: warning: 'operator<<' is deprecated [-Wdeprecated-declarations]
Flavors: r-devel-linux-x86_64-debian-clang, r-devel-linux-x86_64-fedora-clang

Version: 0.2-7
Check: whether package can be installed
Result: WARN
    Found the following significant warnings:
     utils.cpp:32:16: warning: ‘arma::mat_injector<arma::Mat<eT> > arma::Mat<eT>::operator<<(eT) [with eT = double]’ is deprecated [-Wdeprecated-declarations]
Flavors: r-devel-linux-x86_64-debian-gcc, r-devel-linux-x86_64-fedora-gcc, r-patched-linux-x86_64, r-patched-solaris-x86, r-release-linux-x86_64, r-release-windows-ix86+x86_64

Version: 0.2-7
Check: installed package size
Result: NOTE
     installed size is 9.7Mb
     sub-directories of 1Mb or more:
     libs 9.2Mb
Flavors: r-devel-linux-x86_64-fedora-clang, r-release-macos-x86_64, r-oldrel-macos-x86_64